
insert into functie (naam) value ("Aanvaller");
insert into functie (naam) value ("Doelman");
insert into functie (naam) value ("Middenvelder");
insert into functie (naam) value ("Verdediger");
insert into functie (naam) value ("Scheidsrechter");

insert into persoon (id,naam,foto,nationaliteit) value ("FREDERIKGELDHOF","Frederik Geldhof","FREDERIKGELDHOF.jpg","BEL");
insert into persoonfunctie (persoonid,functieid) value ("FREDERIKGELDHOF",(select id from functie where naam='Scheidsrechter'));

insert into persoon (id,naam,foto,nationaliteit) value ("LUCWOUTERS","Luc Wouters","LUCWOUTERS.jpg","BEL");
insert into persoonfunctie (persoonid,functieid) value ("LUCWOUTERS",(select id from functie where naam='Scheidsrechter'));

insert into persoon (id,naam,foto,nationaliteit) value ("JOERIVANDEVELDE","Joeri Van De Velde","JOERIVANDEVELDE.jpg","BEL");
insert into persoonfunctie (persoonid,functieid) value ("JOERIVANDEVELDE",(select id from functie where naam='Scheidsrechter'));

insert into persoon (id,naam,foto,nationaliteit) value ("CLAUDEBOURDOUXHE","Claude Bourdouxhe","CLAUDEBOURDOUXHE.jpg","BEL");
insert into persoonfunctie (persoonid,functieid) value ("CLAUDEBOURDOUXHE",(select id from functie where naam='Scheidsrechter'));

insert into persoon (id,naam,foto,nationaliteit) value ("JEROMEEFONGNZOLO","Jerome Efong Nzolo","JEROMEEFONGNZOLO.jpg","BEL");
insert into persoonfunctie (persoonid,functieid) value ("JEROMEEFONGNZOLO",(select id from functie where naam='Scheidsrechter'));

insert into persoon (id,naam,foto,nationaliteit) value ("PAULALLAERTS","Paul Allaerts","PAULALLAERTS.jpg","BEL");
insert into persoonfunctie (persoonid,functieid) value ("PAULALLAERTS",(select id from functie where naam='Scheidsrechter'));

insert into persoon (id,naam,foto,nationaliteit) value ("PETERVERVECKEN","Peter Vervecken","PETERVERVECKEN.jpg","BEL");
insert into persoonfunctie (persoonid,functieid) value ("PETERVERVECKEN",(select id from functie where naam='Scheidsrechter'));

insert into persoon (id,naam,foto,nationaliteit) value ("SEBASTIENDELFERIERE","Sebastien Delferiere","SEBASTIENDELFERIERE.jpg","BEL");
insert into persoonfunctie (persoonid,functieid) value ("SEBASTIENDELFERIERE",(select id from functie where naam='Scheidsrechter'));

insert into persoon (id,naam,foto,nationaliteit) value ("SERGEGUMIENNY","Serge Gumienny","SERGEGUMIENNY.jpg","BEL");
insert into persoonfunctie (persoonid,functieid) value ("SERGEGUMIENNY",(select id from functie where naam='Scheidsrechter'));

insert into persoon (id,naam,foto,nationaliteit) value ("STEPHANEBREDA","Stéphane Breda","STEPHANEBREDA.jpg","BEL");
insert into persoonfunctie (persoonid,functieid) value ("STEPHANEBREDA",(select id from functie where naam='Scheidsrechter'));

insert into persoon (id,naam,foto,nationaliteit) value ("ALEXANDREBOUCAUT","Alexandre Boucaut","ALEXANDREBOUCAUT.jpg","BEL");
insert into persoonfunctie (persoonid,functieid) value ("ALEXANDREBOUCAUT",(select id from functie where naam='Scheidsrechter'));

insert into persoon (id,naam,foto,nationaliteit) value ("TIMPOTS","Tim Pots","TIMPOTS.jpg","BEL");
insert into persoonfunctie (persoonid,functieid) value ("TIMPOTS",(select id from functie where naam='Scheidsrechter'));

insert into persoon (id,naam,foto,nationaliteit) value ("SAMLOEMAN","Sam Loeman","SAMLOEMAN.jpg","BEL");
insert into persoonfunctie (persoonid,functieid) value ("SAMLOEMAN",(select id from functie where naam='Scheidsrechter'));

insert into persoon (id,naam,foto,nationaliteit) value ("CHRISTOPHEDELACOUR","Christophe Delacour","CHRISTOPHEDELACOUR.jpg","BEL");
insert into persoonfunctie (persoonid,functieid) value ("CHRISTOPHEDELACOUR",(select id from functie where naam='Scheidsrechter'));

insert into persoon (id,naam,foto,nationaliteit) value ("CHRISTOFVIRANT","Christof Virant","CHRISTOFVIRANT.jpg","BEL");
insert into persoonfunctie (persoonid,functieid) value ("CHRISTOFVIRANT",(select id from functie where naam='Scheidsrechter'));

insert into persoon (id,naam,foto,nationaliteit) value ("CHRISTOFDIERICK","Christof Dierick","CHRISTOFDIERICK.jpg","BEL");
insert into persoonfunctie (persoonid,functieid) value ("CHRISTOFDIERICK",(select id from functie where naam='Scheidsrechter'));

insert into persoon (id,naam,foto,nationaliteit) value ("JEAN-BAPTISTBULTYNCK","Jean-Baptist Bultynck","JEAN-BAPTISTBULTYNCK.jpg","BEL");
insert into persoonfunctie (persoonid,functieid) value ("JEAN-BAPTISTBULTYNCK",(select id from functie where naam='Scheidsrechter'));

insert into persoon (id,naam,foto,nationaliteit) value ("PHILIPPEFLAMENT","Philippe Flament","PHILIPPEFLAMENT.jpg","BEL");
insert into persoonfunctie (persoonid,functieid) value ("PHILIPPEFLAMENT",(select id from functie where naam='Scheidsrechter'));

insert into persoon (id,naam,foto,nationaliteit) value ("FRANKDEBLEECKERE","Frank De Bleeckere","FRANKDEBLEECKERE.jpg","BEL");
insert into persoonfunctie (persoonid,functieid) value ("FRANKDEBLEECKERE",(select id from functie where naam='Scheidsrechter'));

insert into persoon (id,naam,foto,nationaliteit) value ("JOHANVERBIST","Johan Verbist","JOHANVERBIST.jpg","BEL");
insert into persoonfunctie (persoonid,functieid) value ("JOHANVERBIST",(select id from functie where naam='Scheidsrechter'));

insert into persoon (id,naam,foto,nationaliteit) value ("GERDBYLOIS","Gerd Bylois","GERDBYLOIS.jpg","BEL");
insert into persoonfunctie (persoonid,functieid) value ("GERDBYLOIS",(select id from functie where naam='Scheidsrechter'));

insert into persoon (id,naam,foto,nationaliteit) value ("PIETERVINK","Pieter Vink","PIETERVINK.jpg","NED");
insert into persoonfunctie (persoonid,functieid) value ("PIETERVINK",(select id from functie where naam='Scheidsrechter'));

insert into persoon (id,naam,foto,nationaliteit) value ("GEERTBARBRY","Geert Barbry","GEERTBARBRY.jpg","BEL");
insert into persoonfunctie (persoonid,functieid) value ("GEERTBARBRY",(select id from functie where naam='Scheidsrechter'));

insert into persoon (id,naam,foto,nationaliteit) value ("LAURENTCOLEMONTS","Laurent Colemonts","LAURENTCOLEMONTS.jpg","BEL");
insert into persoonfunctie (persoonid,functieid) value ("LAURENTCOLEMONTS",(select id from functie where naam='Scheidsrechter'));

insert into persoon (id,naam,foto,nationaliteit) value ("DANIELZITKA","Daniel Zitka","DANIELZITKA.jpg","CSZ");
insert into persoonfunctie (persoonid,functieid) value ("DANIELZITKA",(select id from functie where naam="Doelman"));

	insert into persoonploeg (persoonid,ploegid,jaartal) value ("DANIELZITKA","AND","2009");

insert into persoon (id,naam,foto,nationaliteit) value ("ONDREJMAZUCH","Ondrej Mazuch","ONDREJMAZUCH.jpg","CZS");
insert into persoonfunctie (persoonid,functieid) value ("ONDREJMAZUCH",(select id from functie where naam="Verdediger"));

	insert into persoonploeg (persoonid,ploegid,jaartal) value ("ONDREJMAZUCH","AND","2009");

insert into persoon (id,naam,foto,nationaliteit) value ("GUNTERBOELEN","Gunter Boelen","GUNTERBOELEN.jpg","BEL");
insert into persoonfunctie (persoonid,functieid) value ("GUNTERBOELEN",(select id from functie where naam='Scheidsrechter'));

insert into persoon (id,naam,foto,nationaliteit) value ("OLIVIERDESCHACHT","Olivier Deschacht","OLIVIERDESCHACHT.jpg","BEL");
insert into persoonfunctie (persoonid,functieid) value ("OLIVIERDESCHACHT",(select id from functie where naam="Verdediger"));

	insert into persoonploeg (persoonid,ploegid,jaartal) value ("OLIVIERDESCHACHT","AND","2009");

insert into persoon (id,naam,foto,nationaliteit) value ("ARNOLDKRUISWIJK","Arnold Kruiswijk","ARNOLDKRUISWIJK.jpg","NED");
insert into persoonfunctie (persoonid,functieid) value ("ARNOLDKRUISWIJK",(select id from functie where naam="Verdediger"));

	insert into persoonploeg (persoonid,ploegid,jaartal) value ("ARNOLDKRUISWIJK","AND","2009");

insert into persoon (id,naam,foto,nationaliteit) value ("LUCASBIGLIA","Lucas Biglia","LUCASBIGLIA.jpg","ARG");
insert into persoonfunctie (persoonid,functieid) value ("LUCASBIGLIA",(select id from functie where naam="Middenvelder"));

	insert into persoonploeg (persoonid,ploegid,jaartal) value ("LUCASBIGLIA","AND","2009");

insert into persoon (id,naam,foto,nationaliteit) value ("JELLEVANDAMME","Jelle Van Damme","JELLEVANDAMME.jpg","BEL");
insert into persoonfunctie (persoonid,functieid) value ("JELLEVANDAMME",(select id from functie where naam="Verdediger"));

	insert into persoonploeg (persoonid,ploegid,jaartal) value ("JELLEVANDAMME","AND","2009");

insert into persoon (id,naam,foto,nationaliteit) value ("JANPOLAK","Jan Polak","JANPOLAK.jpg","CZS");
insert into persoonfunctie (persoonid,functieid) value ("JANPOLAK",(select id from functie where naam="Middenvelder"));

	insert into persoonploeg (persoonid,ploegid,jaartal) value ("JANPOLAK","AND","2009");

insert into persoon (id,naam,foto,nationaliteit) value ("MATIASSUAREZ","Matias Suarez","MATIASSUAREZ.jpg","ARG");
insert into persoonfunctie (persoonid,functieid) value ("MATIASSUAREZ",(select id from functie where naam="Aanvaller"));

	insert into persoonploeg (persoonid,ploegid,jaartal) value ("MATIASSUAREZ","AND","2009");

insert into persoon (id,naam,foto,nationaliteit) value ("RUBENILSONKANU","Rubenilson Kanu","RUBENILSONKANU.jpg","BRA");
insert into persoonfunctie (persoonid,functieid) value ("RUBENILSONKANU",(select id from functie where naam="Aanvaller"));

	insert into persoonploeg (persoonid,ploegid,jaartal) value ("RUBENILSONKANU","AND","2009");

insert into persoon (id,naam,foto,nationaliteit) value ("MBARKBOUSSOUFA","Mbark Boussoufa","MBARKBOUSSOUFA.jpg","MAR");
insert into persoonfunctie (persoonid,functieid) value ("MBARKBOUSSOUFA",(select id from functie where naam="Middenvelder"));

	insert into persoonploeg (persoonid,ploegid,jaartal) value ("MBARKBOUSSOUFA","AND","2009");

insert into persoon (id,naam,foto,nationaliteit) value ("THOMASCHATELLE","Thomas Chatelle","THOMASCHATELLE.jpg","BEL");
insert into persoonfunctie (persoonid,functieid) value ("THOMASCHATELLE",(select id from functie where naam="Middenvelder"));

	insert into persoonploeg (persoonid,ploegid,jaartal) value ("THOMASCHATELLE","AND","2009");

insert into persoon (id,naam,foto,nationaliteit) value ("JONATHANLEGEAR","Jonathan Legear","JONATHANLEGEAR.jpg","BEL");
insert into persoonfunctie (persoonid,functieid) value ("JONATHANLEGEAR",(select id from functie where naam="Middenvelder"));

	insert into persoonploeg (persoonid,ploegid,jaartal) value ("JONATHANLEGEAR","AND","2009");

insert into persoon (id,naam,foto,nationaliteit) value ("CHEIKHOUKOUYATE","Cheikhou Kouyat‚","CHEIKHOUKOUYAT.jpg","SEN");
insert into persoonfunctie (persoonid,functieid) value ("CHEIKHOUKOUYATE",(select id from functie where naam="Middenvelder"));

	insert into persoonploeg (persoonid,ploegid,jaartal) value ("CHEIKHOUKOUYATE","AND","2009");

insert into persoon (id,naam,foto,nationaliteit) value ("NICOLASFRUTOS","Nicolas Frutos","NICOLASFRUTOS.jpg","ARG");
insert into persoonfunctie (persoonid,functieid) value ("NICOLASFRUTOS",(select id from functie where naam="Aanvaller"));

	insert into persoonploeg (persoonid,ploegid,jaartal) value ("NICOLASFRUTOS","AND","2009");

insert into persoon (id,naam,foto,nationaliteit) value ("OLEKSANDRJAKOVENKO","Oleksandr Jakovenko","OLEKSANDRJAKOVENKO.jpg","OEK");
insert into persoonfunctie (persoonid,functieid) value ("OLEKSANDRJAKOVENKO",(select id from functie where naam="Middenvelder"));

	insert into persoonploeg (persoonid,ploegid,jaartal) value ("OLEKSANDRJAKOVENKO","AND","2009");

	insert into persoonploeg (persoonid,ploegid,jaartal) value ("OLEKSANDRJAKOVENKO","WES","2009");

insert into persoon (id,naam,foto,nationaliteit) value ("TOMDESUTTER","Tom De Sutter","TOMDESUTTER.jpg","BEL");
insert into persoonfunctie (persoonid,functieid) value ("TOMDESUTTER",(select id from functie where naam="Aanvaller"));

	insert into persoonploeg (persoonid,ploegid,jaartal) value ("TOMDESUTTER","AND","2009");

insert into persoon (id,naam,foto,nationaliteit) value ("DAVYSCHOLLEN","Davy Schollen","DAVYSCHOLLEN.jpg","BEL");
insert into persoonfunctie (persoonid,functieid) value ("DAVYSCHOLLEN",(select id from functie where naam="Doelman"));

	insert into persoonploeg (persoonid,ploegid,jaartal) value ("DAVYSCHOLLEN","AND","2009");

insert into persoon (id,naam,foto,nationaliteit) value ("ROLANDJUHASZ","Roland Juhasz","ROLANDJUHASZ.jpg","HNG");
insert into persoonfunctie (persoonid,functieid) value ("ROLANDJUHASZ",(select id from functie where naam="Verdediger"));

	insert into persoonploeg (persoonid,ploegid,jaartal) value ("ROLANDJUHASZ","AND","2009");

insert into persoon (id,naam,foto,nationaliteit) value ("SILVIOPROTO","Silvio Proto","SILVIOPROTO.jpg","BEL");
insert into persoonfunctie (persoonid,functieid) value ("SILVIOPROTO",(select id from functie where naam="Doelman"));

	insert into persoonploeg (persoonid,ploegid,jaartal) value ("SILVIOPROTO","AND","2009");

insert into persoon (id,naam,foto,nationaliteit) value ("SEBASTIENBRUZZESE","Sebastien Bruzzese","SEBASTIENBRUZZESE.jpg","BEL");
insert into persoonfunctie (persoonid,functieid) value ("SEBASTIENBRUZZESE",(select id from functie where naam="Doelman"));

	insert into persoonploeg (persoonid,ploegid,jaartal) value ("SEBASTIENBRUZZESE","AND","2009");

insert into persoon (id,naam,foto,nationaliteit) value ("VICTORBERNARDEZ","Victor Bernardez","VICTORBERNARDEZ.jpg","HND");
insert into persoonfunctie (persoonid,functieid) value ("VICTORBERNARDEZ",(select id from functie where naam="Verdediger"));

	insert into persoonploeg (persoonid,ploegid,jaartal) value ("VICTORBERNARDEZ","AND","2009");

insert into persoon (id,naam,foto,nationaliteit) value ("MARCINWASILEWSKI","Marcin Wasilewski","MARCINWASILEWSKI.jpg","POL");
insert into persoonfunctie (persoonid,functieid) value ("MARCINWASILEWSKI",(select id from functie where naam="Verdediger"));

	insert into persoonploeg (persoonid,ploegid,jaartal) value ("MARCINWASILEWSKI","AND","2009");

insert into persoon (id,naam,foto,nationaliteit) value ("MICHAELCORDIER","Michael Cordier","MICHAELCORDIER.jpg","BEL");
insert into persoonfunctie (persoonid,functieid) value ("MICHAELCORDIER",(select id from functie where naam="Doelman"));

	insert into persoonploeg (persoonid,ploegid,jaartal) value ("MICHAELCORDIER","AND","2009");

insert into persoon (id,naam,foto,nationaliteit) value ("GUILLAUMEGILLET","Guillaume Gillet","GUILLAUMEGILLET.jpg","BEL");
insert into persoonfunctie (persoonid,functieid) value ("GUILLAUMEGILLET",(select id from functie where naam="Verdediger"));

	insert into persoonploeg (persoonid,ploegid,jaartal) value ("GUILLAUMEGILLET","AND","2009");

insert into persoon (id,naam,foto,nationaliteit) value ("ROMELOLUKAKU","Romelo Lukaku","ROMELOLUKAKU.jpg","BEL");
insert into persoonfunctie (persoonid,functieid) value ("ROMELOLUKAKU",(select id from functie where naam="Aanvaller"));

	insert into persoonploeg (persoonid,ploegid,jaartal) value ("ROMELOLUKAKU","AND","2009");

insert into persoon (id,naam,foto,nationaliteit) value ("REYNALDO","Reynaldo","REYNALDO.jpg","BRA");
insert into persoonfunctie (persoonid,functieid) value ("REYNALDO",(select id from functie where naam="Middenvelder"));

	insert into persoonploeg (persoonid,ploegid,jaartal) value ("REYNALDO","AND","2009");

insert into persoon (id,naam,foto,nationaliteit) value ("NEMANJARNIC","Nemanja Rnic","NEMANJARNIC.jpg","SER");
insert into persoonfunctie (persoonid,functieid) value ("NEMANJARNIC",(select id from functie where naam="Verdediger"));

	insert into persoonploeg (persoonid,ploegid,jaartal) value ("NEMANJARNIC","AND","2009");

insert into persoon (id,naam,foto,nationaliteit) value ("BAKARYSARE","Bakary Sare","BAKARYSARE.jpg","BEL");
insert into persoonfunctie (persoonid,functieid) value ("BAKARYSARE",(select id from functie where naam="Middenvelder"));

	insert into persoonploeg (persoonid,ploegid,jaartal) value ("BAKARYSARE","AND","2009");

insert into persoon (id,naam,foto,nationaliteit) value ("STIJNSTIJNEN","Stijn Stijnen ","STIJNSTIJNEN.jpg","BEL");
insert into persoonfunctie (persoonid,functieid) value ("STIJNSTIJNEN",(select id from functie where naam="Doelman"));

	insert into persoonploeg (persoonid,ploegid,jaartal) value ("STIJNSTIJNEN","CLU","2009");

insert into persoon (id,naam,foto,nationaliteit) value ("JAREDJEFFREY","Jared Jeffrey","JAREDJEFFREY.jpg","USA");
insert into persoonfunctie (persoonid,functieid) value ("JAREDJEFFREY",(select id from functie where naam="Middenvelder"));

	insert into persoonploeg (persoonid,ploegid,jaartal) value ("JAREDJEFFREY","CLU","2009");

insert into persoon (id,naam,foto,nationaliteit) value ("CARLHOEFKENS","Carl Hoefkens","CARLHOEFKENS.jpg","BEL");
insert into persoonfunctie (persoonid,functieid) value ("CARLHOEFKENS",(select id from functie where naam="Verdediger"));

	insert into persoonploeg (persoonid,ploegid,jaartal) value ("CARLHOEFKENS","CLU","2009");

insert into persoon (id,naam,foto,nationaliteit) value ("MICHAELKLUKOWSKI","Michael Klukowski","MICHAELKLUKOWSKI.jpg","CAN");
insert into persoonfunctie (persoonid,functieid) value ("MICHAELKLUKOWSKI",(select id from functie where naam="Verdediger"));

	insert into persoonploeg (persoonid,ploegid,jaartal) value ("MICHAELKLUKOWSKI","CLU","2009");

insert into persoon (id,naam,foto,nationaliteit) value ("KOENDAERDEN","Koen Daerden","KOENDAERDEN.jpg","BEL");
insert into persoonfunctie (persoonid,functieid) value ("KOENDAERDEN",(select id from functie where naam="Middenvelder"));

	insert into persoonploeg (persoonid,ploegid,jaartal) value ("KOENDAERDEN","CLU","2009");

insert into persoon (id,naam,foto,nationaliteit) value ("NABILDIRAR","Nabil Dirar","NABILDIRAR.jpg","BEL");
insert into persoonfunctie (persoonid,functieid) value ("NABILDIRAR",(select id from functie where naam="Middenvelder"));

	insert into persoonploeg (persoonid,ploegid,jaartal) value ("NABILDIRAR","CLU","2009");

insert into persoon (id,naam,foto,nationaliteit) value ("DUSANDOKIC","Dusan Dokic","DUSANDOKIC.jpg","SER");
insert into persoonfunctie (persoonid,functieid) value ("DUSANDOKIC",(select id from functie where naam="Aanvaller"));

	insert into persoonploeg (persoonid,ploegid,jaartal) value ("DUSANDOKIC","CLU","2009");

insert into persoon (id,naam,foto,nationaliteit) value ("WESLEYSONCK","Wesley Sonck","WESLEYSONCK.jpg","BEL");
insert into persoonfunctie (persoonid,functieid) value ("WESLEYSONCK",(select id from functie where naam="Aanvaller"));

	insert into persoonploeg (persoonid,ploegid,jaartal) value ("WESLEYSONCK","CLU","2009");

insert into persoon (id,naam,foto,nationaliteit) value ("JONATHANBLONDEL","Jonathan Blondel","JONATHANBLONDEL.jpg","BEL");
insert into persoonfunctie (persoonid,functieid) value ("JONATHANBLONDEL",(select id from functie where naam="Middenvelder"));

	insert into persoonploeg (persoonid,ploegid,jaartal) value ("JONATHANBLONDEL","CLU","2009");

insert into persoon (id,naam,foto,nationaliteit) value ("GEERTDEVLIEGER","Geert De Vlieger","GEERTDEVLIEGER.jpg","BEL");
insert into persoonfunctie (persoonid,functieid) value ("GEERTDEVLIEGER",(select id from functie where naam="Doelman"));

	insert into persoonploeg (persoonid,ploegid,jaartal) value ("GEERTDEVLIEGER","CLU","2009");

insert into persoon (id,naam,foto,nationaliteit) value ("JEROENSIMAEYS","Jeroen Simaeys","JEROENSIMAEYS.jpg","BEL");
insert into persoonfunctie (persoonid,functieid) value ("JEROENSIMAEYS",(select id from functie where naam="Verdediger"));

	insert into persoonploeg (persoonid,ploegid,jaartal) value ("JEROENSIMAEYS","CLU","2009");

insert into persoon (id,naam,foto,nationaliteit) value ("JOSEPHAKPALA","Joseph Akpala","JOSEPHAKPALA.jpg","NIG");
insert into persoonfunctie (persoonid,functieid) value ("JOSEPHAKPALA",(select id from functie where naam="Aanvaller"));

	insert into persoonploeg (persoonid,ploegid,jaartal) value ("JOSEPHAKPALA","CLU","2009");

insert into persoon (id,naam,foto,nationaliteit) value ("CLEBERSONDA","Cleber Sonda","CLEBERSONDA.jpg","BRA");
insert into persoonfunctie (persoonid,functieid) value ("CLEBERSONDA",(select id from functie where naam="Verdediger"));

	insert into persoonploeg (persoonid,ploegid,jaartal) value ("CLEBERSONDA","CLU","2009");

insert into persoon (id,naam,foto,nationaliteit) value ("RYANDONK","Ryan Donk","RYANDONK.jpg","NED");
insert into persoonfunctie (persoonid,functieid) value ("RYANDONK",(select id from functie where naam="Verdediger"));

	insert into persoonploeg (persoonid,ploegid,jaartal) value ("RYANDONK","CLU","2009");

insert into persoon (id,naam,foto,nationaliteit) value ("DANIELCHAVEZ","Daniël Chavez","DANIELCHAVEZ.jpg","PER");
insert into persoonfunctie (persoonid,functieid) value ("DANIELCHAVEZ",(select id from functie where naam="Aanvaller"));

	insert into persoonploeg (persoonid,ploegid,jaartal) value ("DANIELCHAVEZ","CLU","2009");

insert into persoon (id,naam,foto,nationaliteit) value ("RONALDVARGAS","Ronald Vargas","RONALDVARGAS.jpg","VEN");
insert into persoonfunctie (persoonid,functieid) value ("RONALDVARGAS",(select id from functie where naam="Middenvelder"));

	insert into persoonploeg (persoonid,ploegid,jaartal) value ("RONALDVARGAS","CLU","2009");

insert into persoon (id,naam,foto,nationaliteit) value ("JORNVERMEULEN","Jorn Vermeulen","JORNVERMEULEN.jpg","BEL");
insert into persoonfunctie (persoonid,functieid) value ("JORNVERMEULEN",(select id from functie where naam="Verdediger"));

	insert into persoonploeg (persoonid,ploegid,jaartal) value ("JORNVERMEULEN","CLU","2009");

insert into persoon (id,naam,foto,nationaliteit) value ("KARELGERAERTS","Karel Geraerts","KARELGERAERTS.jpg","BEL");
insert into persoonfunctie (persoonid,functieid) value ("KARELGERAERTS",(select id from functie where naam="Middenvelder"));

	insert into persoonploeg (persoonid,ploegid,jaartal) value ("KARELGERAERTS","CLU","2009");

insert into persoon (id,naam,foto,nationaliteit) value ("YVESLENAERTS","Yves Lenaerts","YVESLENAERTS.jpg","BEL");
insert into persoonfunctie (persoonid,functieid) value ("YVESLENAERTS",(select id from functie where naam="Doelman"));

	insert into persoonploeg (persoonid,ploegid,jaartal) value ("YVESLENAERTS","CLU","2009");

insert into persoon (id,naam,foto,nationaliteit) value ("ROYMEEUS","Roy Meeus","ROYMEEUS.jpg","BEL");
insert into persoonfunctie (persoonid,functieid) value ("ROYMEEUS",(select id from functie where naam="Middenvelder"));

	insert into persoonploeg (persoonid,ploegid,jaartal) value ("ROYMEEUS","CLU","2009");

insert into persoon (id,naam,foto,nationaliteit) value ("GERTJANDEMETS","Gertjan De Mets","GERTJANDEMETS.jpg","BEL");
insert into persoonfunctie (persoonid,functieid) value ("GERTJANDEMETS",(select id from functie where naam="Verdediger"));

	insert into persoonploeg (persoonid,ploegid,jaartal) value ("GERTJANDEMETS","CLU","2009");

insert into persoon (id,naam,foto,nationaliteit) value ("ANTOLINALCARAZ","Antolin Alcaraz","ANTOLINALCARAZ.jpg","PAR");
insert into persoonfunctie (persoonid,functieid) value ("ANTOLINALCARAZ",(select id from functie where naam="Verdediger"));

	insert into persoonploeg (persoonid,ploegid,jaartal) value ("ANTOLINALCARAZ","CLU","2009");

insert into persoon (id,naam,foto,nationaliteit) value ("VADISODJIDJAOFOE","Vadis Odjidja-Ofoe","VADISODJIDJA-OFOE.jpg","BEL");
insert into persoonfunctie (persoonid,functieid) value ("VADISODJIDJAOFOE",(select id from functie where naam="Middenvelder"));

	insert into persoonploeg (persoonid,ploegid,jaartal) value ("VADISODJIDJAOFOE","CLU","2009");

insert into persoon (id,naam,foto,nationaliteit) value ("IVANPERISIC","Ivan Perisic","IVANPERISIC.jpg","KRO");
insert into persoonfunctie (persoonid,functieid) value ("IVANPERISIC",(select id from functie where naam="Middenvelder"));

	insert into persoonploeg (persoonid,ploegid,jaartal) value ("IVANPERISIC","CLU","2009");

insert into persoon (id,naam,foto,nationaliteit) value ("MOHAMEDDAHMANE","Mohamed Dahmane","MOHAMEDDAHMANE.jpg","FRA");
insert into persoonfunctie (persoonid,functieid) value ("MOHAMEDDAHMANE",(select id from functie where naam="Aanvaller"));

	insert into persoonploeg (persoonid,ploegid,jaartal) value ("MOHAMEDDAHMANE","CLU","2009");

insert into persoon (id,naam,foto,nationaliteit) value ("DORGEKOUEMAHA","Dorge Kouemaha","DORGEKOUEMAHA.jpg","KAM");
insert into persoonfunctie (persoonid,functieid) value ("DORGEKOUEMAHA",(select id from functie where naam="Aanvaller"));

	insert into persoonploeg (persoonid,ploegid,jaartal) value ("DORGEKOUEMAHA","CLU","2009");

insert into persoon (id,naam,foto,nationaliteit) value ("MARKVOLDERS","Mark Volders","MARKVOLDERS.jpg","BEL");
insert into persoonfunctie (persoonid,functieid) value ("MARKVOLDERS",(select id from functie where naam="Doelman"));

	insert into persoonploeg (persoonid,ploegid,jaartal) value ("MARKVOLDERS","MOE","2009");

insert into persoon (id,naam,foto,nationaliteit) value ("CARLOSDAVIDMORENOHERNANDEZ","Carlos David Moreno Hernandez","CARLOSDAVIDMORENOHERNANDEZ.jpg","SPA");
insert into persoonfunctie (persoonid,functieid) value ("CARLOSDAVIDMORENOHERNANDEZ",(select id from functie where naam="Verdediger"));

	insert into persoonploeg (persoonid,ploegid,jaartal) value ("CARLOSDAVIDMORENOHERNANDEZ","MOE","2009");

insert into persoon (id,naam,foto,nationaliteit) value ("SYLVAINBERTON","Sylvain Berton","SYLVAINBERTON.jpg","BEL");
insert into persoonfunctie (persoonid,functieid) value ("SYLVAINBERTON",(select id from functie where naam="Verdediger"));

	insert into persoonploeg (persoonid,ploegid,jaartal) value ("SYLVAINBERTON","MOE","2009");

insert into persoon (id,naam,foto,nationaliteit) value ("MAMADOUDIAKITE","Mamadou Diakité","MAMADOUDIAKITE.jpg","FRA");
insert into persoonfunctie (persoonid,functieid) value ("MAMADOUDIAKITE",(select id from functie where naam="Middenvelder"));

	insert into persoonploeg (persoonid,ploegid,jaartal) value ("MAMADOUDIAKITE","MOE","2009");

insert into persoon (id,naam,foto,nationaliteit) value ("CHEMCEDINEELARAICHI","Chemcedine El Araichi","CHEMCEDINEELARAICHI.jpg","BEL");
insert into persoonfunctie (persoonid,functieid) value ("CHEMCEDINEELARAICHI",(select id from functie where naam="Verdediger"));

	insert into persoonploeg (persoonid,ploegid,jaartal) value ("CHEMCEDINEELARAICHI","MOE","2009");

insert into persoon (id,naam,foto,nationaliteit) value ("ALEJANDROCORTELL","Alejandro Cortell","ALEJANDROCORTELL.jpg","BEL");
insert into persoonfunctie (persoonid,functieid) value ("ALEJANDROCORTELL",(select id from functie where naam="Aanvaller"));

	insert into persoonploeg (persoonid,ploegid,jaartal) value ("ALEJANDROCORTELL","MOE","2009");

insert into persoon (id,naam,foto,nationaliteit) value ("MATHIEUASSOU-EKOTTO","Mathieu Assou-Ekotto","MATHIEUASSOU-EKOTTO.jpg","FRA");
insert into persoonfunctie (persoonid,functieid) value ("MATHIEUASSOU-EKOTTO",(select id from functie where naam="Middenvelder"));

	insert into persoonploeg (persoonid,ploegid,jaartal) value ("MATHIEUASSOU-EKOTTO","MOE","2009");

insert into persoon (id,naam,foto,nationaliteit) value ("OKWUNWANNEJAYCEE","Okwunwanne Jaycee","OKWUNWANNEJAYCEE.jpg","NIG");
insert into persoonfunctie (persoonid,functieid) value ("OKWUNWANNEJAYCEE",(select id from functie where naam="Aanvaller"));

	insert into persoonploeg (persoonid,ploegid,jaartal) value ("OKWUNWANNEJAYCEE","MOE","2009");

insert into persoon (id,naam,foto,nationaliteit) value ("WALTERBASEGGIO","Walter Baseggio ","WALTERBASEGGIO.jpg","BEL");
insert into persoonfunctie (persoonid,functieid) value ("WALTERBASEGGIO",(select id from functie where naam="Middenvelder"));

	insert into persoonploeg (persoonid,ploegid,jaartal) value ("WALTERBASEGGIO","MOE","2009");

insert into persoon (id,naam,foto,nationaliteit) value ("ZVONIMIRDERANJA","Zvonimir Deranja","ZVONIMIRDERANJA.jpg","KRO");
insert into persoonfunctie (persoonid,functieid) value ("ZVONIMIRDERANJA",(select id from functie where naam="Aanvaller"));

	insert into persoonploeg (persoonid,ploegid,jaartal) value ("ZVONIMIRDERANJA","MOE","2009");

insert into persoon (id,naam,foto,nationaliteit) value ("THOMASHOVINE","Thomas Hovine","THOMASHOVINE.jpg","BEL");
insert into persoonfunctie (persoonid,functieid) value ("THOMASHOVINE",(select id from functie where naam="Middenvelder"));

	insert into persoonploeg (persoonid,ploegid,jaartal) value ("THOMASHOVINE","MOE","2009");

insert into persoon (id,naam,foto,nationaliteit) value ("DAANVANGYSEGHEM","Daan Van Gijseghem","DAANVANGIJSEGHEM.jpg","BEL");
insert into persoonfunctie (persoonid,functieid) value ("DAANVANGYSEGHEM",(select id from functie where naam="Verdediger"));

	insert into persoonploeg (persoonid,ploegid,jaartal) value ("DAANVANGYSEGHEM","MOE","2009");

insert into persoon (id,naam,foto,nationaliteit) value ("MAXIMELESTIENNE","Maxime Lestienne","MAXIMELESTIENNE.jpg","BEL");
insert into persoonfunctie (persoonid,functieid) value ("MAXIMELESTIENNE",(select id from functie where naam="Middenvelder"));

	insert into persoonploeg (persoonid,ploegid,jaartal) value ("MAXIMELESTIENNE","MOE","2009");

insert into persoon (id,naam,foto,nationaliteit) value ("JONATHANWALASIAK","Jonathan Walasiak","JONATHANWALASIAK.jpg","BEL");
insert into persoonfunctie (persoonid,functieid) value ("JONATHANWALASIAK",(select id from functie where naam="Middenvelder"));

	insert into persoonploeg (persoonid,ploegid,jaartal) value ("JONATHANWALASIAK","MOE","2009");

insert into persoon (id,naam,foto,nationaliteit) value ("BASTIENCHANTRY","Bastien Chantry","BASTIENCHANTRY.jpg","BEL");
insert into persoonfunctie (persoonid,functieid) value ("BASTIENCHANTRY",(select id from functie where naam="Verdediger"));

	insert into persoonploeg (persoonid,ploegid,jaartal) value ("BASTIENCHANTRY","MOE","2009");

insert into persoon (id,naam,foto,nationaliteit) value ("GONZAGUEVANDOOREN","Gonzague Vandooren","GONZAGUEVANDOOREN.jpg","BEL");
insert into persoonfunctie (persoonid,functieid) value ("GONZAGUEVANDOOREN",(select id from functie where naam="Verdediger"));

	insert into persoonploeg (persoonid,ploegid,jaartal) value ("GONZAGUEVANDOOREN","MOE","2009");

insert into persoon (id,naam,foto,nationaliteit) value ("JOSÉANTONIOSALCEDO","José Antonio Salcedo Sanchez","JOSEANTONIOSALCEDOSANCHEZ.jpg","SPA");
insert into persoonfunctie (persoonid,functieid) value ("JOSÉANTONIOSALCEDO",(select id from functie where naam="Doelman"));

	insert into persoonploeg (persoonid,ploegid,jaartal) value ("JOSÉANTONIOSALCEDO","MOE","2009");

insert into persoon (id,naam,foto,nationaliteit) value ("ALEXANDRETEKLAK","Alexandre Teklak","ALEXANDRETEKLAK.jpg","BEL");
insert into persoonfunctie (persoonid,functieid) value ("ALEXANDRETEKLAK",(select id from functie where naam="Verdediger"));

	insert into persoonploeg (persoonid,ploegid,jaartal) value ("ALEXANDRETEKLAK","MOE","2009");

insert into persoon (id,naam,foto,nationaliteit) value ("JANSLOVENCIAK","Jan Slovenciak","JANSLOVENCIAK.jpg","SER");
insert into persoonfunctie (persoonid,functieid) value ("JANSLOVENCIAK",(select id from functie where naam="Doelman"));

	insert into persoonploeg (persoonid,ploegid,jaartal) value ("JANSLOVENCIAK","MOE","2009");

insert into persoon (id,naam,foto,nationaliteit) value ("GUILLAUMEFRANÇOIS","Guillaume François","GUILLAUMEFRANCOIS.jpg","BEL");
insert into persoonfunctie (persoonid,functieid) value ("GUILLAUMEFRANÇOIS",(select id from functie where naam="Aanvaller"));

	insert into persoonploeg (persoonid,ploegid,jaartal) value ("GUILLAUMEFRANÇOIS","MOE","2009");

insert into persoon (id,naam,foto,nationaliteit) value ("JÉRÉMYSAPINA","Jérémy Sapina","JEREMYSAPINA.jpg","FRA");
insert into persoonfunctie (persoonid,functieid) value ("JÉRÉMYSAPINA",(select id from functie where naam="Verdediger"));

	insert into persoonploeg (persoonid,ploegid,jaartal) value ("JÉRÉMYSAPINA","MOE","2009");

insert into persoon (id,naam,foto,nationaliteit) value ("JONATHANJUNCAL","Jonatan Aspas Juncal","JONATANASPASJUNCAL.jpg","SPA");
insert into persoonfunctie (persoonid,functieid) value ("JONATHANJUNCAL",(select id from functie where naam="Middenvelder"));

	insert into persoonploeg (persoonid,ploegid,jaartal) value ("JONATHANJUNCAL","MOE","2009");

insert into persoon (id,naam,foto,nationaliteit) value ("IDIROUALI","Idir Ouali","IDIROUALI.jpg","ALG");
insert into persoonfunctie (persoonid,functieid) value ("IDIROUALI",(select id from functie where naam="Middenvelder"));

	insert into persoonploeg (persoonid,ploegid,jaartal) value ("IDIROUALI","MOE","2009");

insert into persoon (id,naam,foto,nationaliteit) value ("ASANDASISHUBA","Asanda Sishuba","ASANDASISHUBA.jpg","ZAF");
insert into persoonfunctie (persoonid,functieid) value ("ASANDASISHUBA",(select id from functie where naam="Middenvelder"));

	insert into persoonploeg (persoonid,ploegid,jaartal) value ("ASANDASISHUBA","MOE","2009");

insert into persoon (id,naam,foto,nationaliteit) value ("MANUELMICOYEBANA","Manuel Mico Yebana","MANUELMICOYEBANA.jpg","SPA");
insert into persoonfunctie (persoonid,functieid) value ("MANUELMICOYEBANA",(select id from functie where naam="Verdediger"));

	insert into persoonploeg (persoonid,ploegid,jaartal) value ("MANUELMICOYEBANA","MOE","2009");

insert into persoon (id,naam,foto,nationaliteit) value ("ROBERTMAAH","Robert Maah","ROBERTMAAH.jpg","FRA");
insert into persoonfunctie (persoonid,functieid) value ("ROBERTMAAH",(select id from functie where naam="Aanvaller"));

	insert into persoonploeg (persoonid,ploegid,jaartal) value ("ROBERTMAAH","MOE","2009");

insert into persoon (id,naam,foto,nationaliteit) value ("TOMMASSOPIERONI","Tommasso Pieroni","TOMMASSOPIERONI.jpg","ITA");
insert into persoonfunctie (persoonid,functieid) value ("TOMMASSOPIERONI",(select id from functie where naam="Middenvelder"));

	insert into persoonploeg (persoonid,ploegid,jaartal) value ("TOMMASSOPIERONI","MOE","2009");

insert into persoon (id,naam,foto,nationaliteit) value ("ANDRIASCHIFANO","Andria Schifano","ANDRIASCHIFANO.jpg","BEL");
insert into persoonfunctie (persoonid,functieid) value ("ANDRIASCHIFANO",(select id from functie where naam="Verdediger"));

	insert into persoonploeg (persoonid,ploegid,jaartal) value ("ANDRIASCHIFANO","MOE","2009");

insert into persoon (id,naam,foto,nationaliteit) value ("TOMMUYTERS","Tom Muyters","TOMMUYTERS.jpg","BEL");
insert into persoonfunctie (persoonid,functieid) value ("TOMMUYTERS",(select id from functie where naam="Doelman"));

	insert into persoonploeg (persoonid,ploegid,jaartal) value ("TOMMUYTERS","STVV","2009");

insert into persoon (id,naam,foto,nationaliteit) value ("WIMMENNES","Wim Mennes","WIMMENNES.jpg","BEL");
insert into persoonfunctie (persoonid,functieid) value ("WIMMENNES",(select id from functie where naam="Middenvelder"));

	insert into persoonploeg (persoonid,ploegid,jaartal) value ("WIMMENNES","STVV","2009");

insert into persoon (id,naam,foto,nationaliteit) value ("VINCENTEUVRARD","Vincent Euvrard","VINCENTEUVRARD.jpg","BEL");
insert into persoonfunctie (persoonid,functieid) value ("VINCENTEUVRARD",(select id from functie where naam="Verdediger"));

	insert into persoonploeg (persoonid,ploegid,jaartal) value ("VINCENTEUVRARD","STVV","2009");

insert into persoon (id,naam,foto,nationaliteit) value ("DAANVAESEN","Daan Vaesen","DAANVAESEN.jpg","BEL");
insert into persoonfunctie (persoonid,functieid) value ("DAANVAESEN",(select id from functie where naam="Verdediger"));

	insert into persoonploeg (persoonid,ploegid,jaartal) value ("DAANVAESEN","STVV","2009");

insert into persoon (id,naam,foto,nationaliteit) value ("MARIOCANTALUPPI","Mario Cantaluppi","MARIOCANTALUPPI.jpg","ZWI");
insert into persoonfunctie (persoonid,functieid) value ("MARIOCANTALUPPI",(select id from functie where naam="Verdediger"));

	insert into persoonploeg (persoonid,ploegid,jaartal) value ("MARIOCANTALUPPI","STVV","2009");

insert into persoon (id,naam,foto,nationaliteit) value ("LUDOVICBUYSENS","Ludovic Buysens","LUDOVICBUYSENS.jpg","BEL");
insert into persoonfunctie (persoonid,functieid) value ("LUDOVICBUYSENS",(select id from functie where naam="Verdediger"));

	insert into persoonploeg (persoonid,ploegid,jaartal) value ("LUDOVICBUYSENS","STVV","2009");

insert into persoon (id,naam,foto,nationaliteit) value ("ALEXDASILVA","Alex Da Silva","ALEXDASILVA.jpg","BRA");
insert into persoonfunctie (persoonid,functieid) value ("ALEXDASILVA",(select id from functie where naam="Middenvelder"));

	insert into persoonploeg (persoonid,ploegid,jaartal) value ("ALEXDASILVA","STVV","2009");

insert into persoon (id,naam,foto,nationaliteit) value ("DENISODOI","Denis Odoi","DENISODOI.jpg","BEL");
insert into persoonfunctie (persoonid,functieid) value ("DENISODOI",(select id from functie where naam="Verdediger"));

	insert into persoonploeg (persoonid,ploegid,jaartal) value ("DENISODOI","STVV","2009");

insert into persoon (id,naam,foto,nationaliteit) value ("JONATHANWILMET","Jonathan Wilmet","JONATHANWILMET.jpg","BEL");
insert into persoonfunctie (persoonid,functieid) value ("JONATHANWILMET",(select id from functie where naam="Aanvaller"));

	insert into persoonploeg (persoonid,ploegid,jaartal) value ("JONATHANWILMET","STVV","2009");

insert into persoon (id,naam,foto,nationaliteit) value ("ISSAMECHARAÏ","Issame Charaï","ISSAMECHARAI.jpg","BEL");
insert into persoonfunctie (persoonid,functieid) value ("ISSAMECHARAÏ",(select id from functie where naam="Aanvaller"));

	insert into persoonploeg (persoonid,ploegid,jaartal) value ("ISSAMECHARAÏ","STVV","2009");

insert into persoon (id,naam,foto,nationaliteit) value ("HERVEONANA","Hervé Ndjana Onana","HERVENDJANAONANA.jpg","KAM");
insert into persoonfunctie (persoonid,functieid) value ("HERVEONANA",(select id from functie where naam="Aanvaller"));

	insert into persoonploeg (persoonid,ploegid,jaartal) value ("HERVEONANA","STVV","2009");

insert into persoon (id,naam,foto,nationaliteit) value ("CEPHASCHIMEDZA","Cephas Chimedza","CEPHASCHIMEDZA.jpg","ZIM");
insert into persoonfunctie (persoonid,functieid) value ("CEPHASCHIMEDZA",(select id from functie where naam="Middenvelder"));

	insert into persoonploeg (persoonid,ploegid,jaartal) value ("CEPHASCHIMEDZA","STVV","2009");

insert into persoon (id,naam,foto,nationaliteit) value ("MARCWAGEMAKERS","Marc Wagemakers","MARCWAGEMAKERS.jpg","BEL");
insert into persoonfunctie (persoonid,functieid) value ("MARCWAGEMAKERS",(select id from functie where naam="Verdediger"));

	insert into persoonploeg (persoonid,ploegid,jaartal) value ("MARCWAGEMAKERS","STVV","2009");

insert into persoon (id,naam,foto,nationaliteit) value ("JEROENAPPELTANS","Jeroen Appeltans","JEROENAPPELTANS.jpg","BEL");
insert into persoonfunctie (persoonid,functieid) value ("JEROENAPPELTANS",(select id from functie where naam="Middenvelder"));

	insert into persoonploeg (persoonid,ploegid,jaartal) value ("JEROENAPPELTANS","STVV","2009");

insert into persoon (id,naam,foto,nationaliteit) value ("PETERDELORGE","Peter Delorge","PETERDELORGE.jpg","BEL");
insert into persoonfunctie (persoonid,functieid) value ("PETERDELORGE",(select id from functie where naam="Middenvelder"));

	insert into persoonploeg (persoonid,ploegid,jaartal) value ("PETERDELORGE","STVV","2009");

insert into persoon (id,naam,foto,nationaliteit) value ("IBRAHIMSIDIBE","Ibrahim Sidibe","IBRAHIMSIDIBE.jpg","SEN");
insert into persoonfunctie (persoonid,functieid) value ("IBRAHIMSIDIBE",(select id from functie where naam="Aanvaller"));

	insert into persoonploeg (persoonid,ploegid,jaartal) value ("IBRAHIMSIDIBE","STVV","2009");

insert into persoon (id,naam,foto,nationaliteit) value ("SIMONMIGNOLET","Simon Mignolet","SIMONMIGNOLET.jpg","BEL");
insert into persoonfunctie (persoonid,functieid) value ("SIMONMIGNOLET",(select id from functie where naam="Doelman"));

	insert into persoonploeg (persoonid,ploegid,jaartal) value ("SIMONMIGNOLET","STVV","2009");

insert into persoon (id,naam,foto,nationaliteit) value ("YORICKANTHEUNIS","Yorick Antheunis","YORICKANTHEUNIS.jpg","BEL");
insert into persoonfunctie (persoonid,functieid) value ("YORICKANTHEUNIS",(select id from functie where naam="Middenvelder"));

	insert into persoonploeg (persoonid,ploegid,jaartal) value ("YORICKANTHEUNIS","STVV","2009");

insert into persoon (id,naam,foto,nationaliteit) value ("GIELDEFERM","Giel Deferm","GIELDEFERM.jpg","BEL");
insert into persoonfunctie (persoonid,functieid) value ("GIELDEFERM",(select id from functie where naam="Verdediger"));

	insert into persoonploeg (persoonid,ploegid,jaartal) value ("GIELDEFERM","STVV","2009");

insert into persoon (id,naam,foto,nationaliteit) value ("JURGENSIERENS","Jurgen Sierens ","JURGENSIERENS.jpg","BEL");
insert into persoonfunctie (persoonid,functieid) value ("JURGENSIERENS",(select id from functie where naam="Doelman"));

	insert into persoonploeg (persoonid,ploegid,jaartal) value ("JURGENSIERENS","ROE","2009");

insert into persoon (id,naam,foto,nationaliteit) value ("DAMIRMIRVIC","Damir Mirvic","DAMIRMIRVIC.jpg","BOS");
insert into persoonfunctie (persoonid,functieid) value ("DAMIRMIRVIC",(select id from functie where naam="Verdediger"));

	insert into persoonploeg (persoonid,ploegid,jaartal) value ("DAMIRMIRVIC","ROE","2009");

insert into persoon (id,naam,foto,nationaliteit) value ("ARTUROTENHEUVEL","Arturo ten Heuvel","ARTUROTENHEUVEL.jpg","NED");
insert into persoonfunctie (persoonid,functieid) value ("ARTUROTENHEUVEL",(select id from functie where naam="Middenvelder"));

	insert into persoonploeg (persoonid,ploegid,jaartal) value ("ARTUROTENHEUVEL","ROE","2009");

insert into persoon (id,naam,foto,nationaliteit) value ("SERGIOHELLINGS","Sergio Hellings","SERGIOHELLINGS.jpg","NED");
insert into persoonfunctie (persoonid,functieid) value ("SERGIOHELLINGS",(select id from functie where naam="Middenvelder"));

	insert into persoonploeg (persoonid,ploegid,jaartal) value ("SERGIOHELLINGS","ROE","2009");

insert into persoon (id,naam,foto,nationaliteit) value ("BJARNIVIDARSSON","Bjarni Vidarsson","BJARNIVIDARSSON.jpg","IJS");
insert into persoonfunctie (persoonid,functieid) value ("BJARNIVIDARSSON",(select id from functie where naam="Middenvelder"));

	insert into persoonploeg (persoonid,ploegid,jaartal) value ("BJARNIVIDARSSON","ROE","2009");

insert into persoon (id,naam,foto,nationaliteit) value ("JIMMYMULISA","Jimmy Mulisa","JIMMYMULISA.jpg","RWA");
insert into persoonfunctie (persoonid,functieid) value ("JIMMYMULISA",(select id from functie where naam="Aanvaller"));

	insert into persoonploeg (persoonid,ploegid,jaartal) value ("JIMMYMULISA","ROE","2009");

insert into persoon (id,naam,foto,nationaliteit) value ("STEFAANTANGHE","Stefaan Tanghe","STEFAANTANGHE.jpg","BEL");
insert into persoonfunctie (persoonid,functieid) value ("STEFAANTANGHE",(select id from functie where naam="Middenvelder"));

	insert into persoonploeg (persoonid,ploegid,jaartal) value ("STEFAANTANGHE","ROE","2009");

insert into persoon (id,naam,foto,nationaliteit) value ("SAMIRELGAAOUIRI","Samir El Gaaouiri","SAMIRELGAAOUIRI.jpg","MAR");
insert into persoonfunctie (persoonid,functieid) value ("SAMIRELGAAOUIRI",(select id from functie where naam="Middenvelder"));

	insert into persoonploeg (persoonid,ploegid,jaartal) value ("SAMIRELGAAOUIRI","ROE","2009");

insert into persoon (id,naam,foto,nationaliteit) value ("JOERIDEQUEVY","Joeri Dequevy","JOERIDEQUEVY.jpg","BEL");
insert into persoonfunctie (persoonid,functieid) value ("JOERIDEQUEVY",(select id from functie where naam="Middenvelder"));

	insert into persoonploeg (persoonid,ploegid,jaartal) value ("JOERIDEQUEVY","ROE","2009");

insert into persoon (id,naam,foto,nationaliteit) value ("SÖRENDUTOIT","Sören Dutoit","SORENDUTOIT.jpg","BEL");
insert into persoonfunctie (persoonid,functieid) value ("SÖRENDUTOIT",(select id from functie where naam="Doelman"));

	insert into persoonploeg (persoonid,ploegid,jaartal) value ("SÖRENDUTOIT","ROE","2009");

insert into persoon (id,naam,foto,nationaliteit) value ("JEREMYHUYGHEBAERT","Jeremy Huyghebaert","JEREMYHUYGHEBAERT.jpg","BEL");
insert into persoonfunctie (persoonid,functieid) value ("JEREMYHUYGHEBAERT",(select id from functie where naam="Verdediger"));

	insert into persoonploeg (persoonid,ploegid,jaartal) value ("JEREMYHUYGHEBAERT","ROE","2009");

insert into persoon (id,naam,foto,nationaliteit) value ("JEROENVANTHOURNOUT","Jeroen Vanthournout","JEROENVANTHOURNOUT.jpg","BEL");
insert into persoonfunctie (persoonid,functieid) value ("JEROENVANTHOURNOUT",(select id from functie where naam="Verdediger"));

	insert into persoonploeg (persoonid,ploegid,jaartal) value ("JEROENVANTHOURNOUT","ROE","2009");

insert into persoon (id,naam,foto,nationaliteit) value ("BARTGOOSSENS","Bart Goossens","BARTGOOSSENS.jpg","BEL");
insert into persoonfunctie (persoonid,functieid) value ("BARTGOOSSENS",(select id from functie where naam="Verdediger"));

	insert into persoonploeg (persoonid,ploegid,jaartal) value ("BARTGOOSSENS","ROE","2009");

insert into persoon (id,naam,foto,nationaliteit) value ("JOHNCOLLINS","Collins John","COLLINSJOHN.jpg","NED");
insert into persoonfunctie (persoonid,functieid) value ("JOHNCOLLINS",(select id from functie where naam="Aanvaller"));

	insert into persoonploeg (persoonid,ploegid,jaartal) value ("JOHNCOLLINS","ROE","2009");

insert into persoon (id,naam,foto,nationaliteit) value ("VINCENTPROVOOST","Vincent Provoost","VINCENTPROVOOST.jpg","BEL");
insert into persoonfunctie (persoonid,functieid) value ("VINCENTPROVOOST",(select id from functie where naam="Middenvelder"));

	insert into persoonploeg (persoonid,ploegid,jaartal) value ("VINCENTPROVOOST","ROE","2009");

insert into persoon (id,naam,foto,nationaliteit) value ("BARTWINNOCK","Bart Winnock","BARTWINNOCK.jpg","BEL");
insert into persoonfunctie (persoonid,functieid) value ("BARTWINNOCK",(select id from functie where naam="Verdediger"));

	insert into persoonploeg (persoonid,ploegid,jaartal) value ("BARTWINNOCK","ROE","2009");

insert into persoon (id,naam,foto,nationaliteit) value ("ANTHONYVANLOO","Anthony Van Loo","ANTHONYVANLOO.jpg","BEL");
insert into persoonfunctie (persoonid,functieid) value ("ANTHONYVANLOO",(select id from functie where naam="Verdediger"));

	insert into persoonploeg (persoonid,ploegid,jaartal) value ("ANTHONYVANLOO","ROE","2009");

insert into persoon (id,naam,foto,nationaliteit) value ("BRAMVANDENBUSSCHE","Bram Vandenbussche","BRAMVANDENBUSSCHE.jpg","BEL");
insert into persoonfunctie (persoonid,functieid) value ("BRAMVANDENBUSSCHE",(select id from functie where naam="Verdediger"));

	insert into persoonploeg (persoonid,ploegid,jaartal) value ("BRAMVANDENBUSSCHE","ROE","2009");

insert into persoon (id,naam,foto,nationaliteit) value ("MAHAMADOUDISSA","Mahamadou Dissa","MAHAMADOUDISSA.jpg","MAL");
insert into persoonfunctie (persoonid,functieid) value ("MAHAMADOUDISSA",(select id from functie where naam="Aanvaller"));

	insert into persoonploeg (persoonid,ploegid,jaartal) value ("MAHAMADOUDISSA","ROE","2009");

insert into persoon (id,naam,foto,nationaliteit) value ("JONATHANBOURDON","Jonathan Bourdon","JONATHANBOURDON.jpg","BEL");
insert into persoonfunctie (persoonid,functieid) value ("JONATHANBOURDON",(select id from functie where naam="Doelman"));

	insert into persoonploeg (persoonid,ploegid,jaartal) value ("JONATHANBOURDON","ROE","2009");

insert into persoon (id,naam,foto,nationaliteit) value ("MICHELTERNEST","Michel Ternest","MICHELTERNEST.jpg","BEL");
insert into persoonfunctie (persoonid,functieid) value ("MICHELTERNEST",(select id from functie where naam="Aanvaller"));

	insert into persoonploeg (persoonid,ploegid,jaartal) value ("MICHELTERNEST","ROE","2009");

insert into persoon (id,naam,foto,nationaliteit) value ("DARIUSHILLEWAERE","Darius Hillewaere","DARIUSHILLEWAERE.jpg","BEL");
insert into persoonfunctie (persoonid,functieid) value ("DARIUSHILLEWAERE",(select id from functie where naam="Verdediger"));

	insert into persoonploeg (persoonid,ploegid,jaartal) value ("DARIUSHILLEWAERE","ROE","2009");

insert into persoon (id,naam,foto,nationaliteit) value ("STEPANKUCERA","Stepan Kucera","STEPANKUCERA.jpg","CSZ");
insert into persoonfunctie (persoonid,functieid) value ("STEPANKUCERA",(select id from functie where naam="Verdediger"));

	insert into persoonploeg (persoonid,ploegid,jaartal) value ("STEPANKUCERA","ROE","2009");

insert into persoon (id,naam,foto,nationaliteit) value ("KJELLVANOPLYNUS","Kjell Vanoplynus","KJELLVANOPLYNUS.jpg","BEL");
insert into persoonfunctie (persoonid,functieid) value ("KJELLVANOPLYNUS",(select id from functie where naam="Verdediger"));

	insert into persoonploeg (persoonid,ploegid,jaartal) value ("KJELLVANOPLYNUS","ROE","2009");

insert into persoon (id,naam,foto,nationaliteit) value ("GEOFFREYGHESQUIÈRE","Geoffrey Ghesquière","GEOFFREYGHESQUIERE.jpg","FRA");
insert into persoonfunctie (persoonid,functieid) value ("GEOFFREYGHESQUIÈRE",(select id from functie where naam="Middenvelder"));

	insert into persoonploeg (persoonid,ploegid,jaartal) value ("GEOFFREYGHESQUIÈRE","ROE","2009");

insert into persoon (id,naam,foto,nationaliteit) value ("ARNEVANNESTE","Arne Vanneste","ARNEVANNESTE.jpg","BEL");
insert into persoonfunctie (persoonid,functieid) value ("ARNEVANNESTE",(select id from functie where naam="Middenvelder"));

	insert into persoonploeg (persoonid,ploegid,jaartal) value ("ARNEVANNESTE","ROE","2009");

insert into persoon (id,naam,foto,nationaliteit) value ("VADIMDOTSENKO","Vadim Dotsenko","VADIMDOTSENKO.jpg","RUS");
insert into persoonfunctie (persoonid,functieid) value ("VADIMDOTSENKO",(select id from functie where naam="Aanvaller"));

	insert into persoonploeg (persoonid,ploegid,jaartal) value ("VADIMDOTSENKO","ROE","2009");

insert into persoon (id,naam,foto,nationaliteit) value ("DAANDEPEVER","Daan De Pever","DAANDEPEVER.jpg","BEL");
insert into persoonfunctie (persoonid,functieid) value ("DAANDEPEVER",(select id from functie where naam="Middenvelder"));

	insert into persoonploeg (persoonid,ploegid,jaartal) value ("DAANDEPEVER","ROE","2009");

insert into persoon (id,naam,foto,nationaliteit) value ("RÉGINALGOREUX","Réginal Goreux","REGINALGOREUX.jpg","BEL");
insert into persoonfunctie (persoonid,functieid) value ("RÉGINALGOREUX",(select id from functie where naam="Verdediger"));

	insert into persoonploeg (persoonid,ploegid,jaartal) value ("RÉGINALGOREUX","STA","2009");

insert into persoon (id,naam,foto,nationaliteit) value ("ARNORANGELI","Arnor Angeli","ARNORANGELI.jpg","BEL");
insert into persoonfunctie (persoonid,functieid) value ("ARNORANGELI",(select id from functie where naam="Middenvelder"));

	insert into persoonploeg (persoonid,ploegid,jaartal) value ("ARNORANGELI","STA","2009");

insert into persoon (id,naam,foto,nationaliteit) value ("CÉDRICCOLLET","Cédric Collet","CEDRICCOLLET.jpg","FRA");
insert into persoonfunctie (persoonid,functieid) value ("CÉDRICCOLLET",(select id from functie where naam="Verdediger"));

	insert into persoonploeg (persoonid,ploegid,jaartal) value ("CÉDRICCOLLET","STA","2009");

insert into persoon (id,naam,foto,nationaliteit) value ("WILFRIEDDALMAT","Wilfried Dalmat","MiddenvelderWILFRIEDDALMAT.jpg","FRA");
insert into persoonfunctie (persoonid,functieid) value ("WILFRIEDDALMAT",(select id from functie where naam="Middenvelder"));

	insert into persoonploeg (persoonid,ploegid,jaartal) value ("WILFRIEDDALMAT","STA","2009");

insert into persoon (id,naam,foto,nationaliteit) value ("STEVENDEFOUR","Steven Defour ","STEVENDEFOUR.jpg","BEL");
insert into persoonfunctie (persoonid,functieid) value ("STEVENDEFOUR",(select id from functie where naam="Middenvelder"));

	insert into persoonploeg (persoonid,ploegid,jaartal) value ("STEVENDEFOUR","STA","2009");

insert into persoon (id,naam,foto,nationaliteit) value ("DIEUMERCIMBOKANI","Dieumerci Mbokani","DIEUMERCIMBOKANI.jpg","CON");
insert into persoonfunctie (persoonid,functieid) value ("DIEUMERCIMBOKANI",(select id from functie where naam="Aanvaller"));

	insert into persoonploeg (persoonid,ploegid,jaartal) value ("DIEUMERCIMBOKANI","STA","2009");

insert into persoon (id,naam,foto,nationaliteit) value ("IGORDECAMARGO","Igor De Camargo","IGORDECAMARGO.jpg","BEL");
insert into persoonfunctie (persoonid,functieid) value ("IGORDECAMARGO",(select id from functie where naam="Aanvaller"));

	insert into persoonploeg (persoonid,ploegid,jaartal) value ("IGORDECAMARGO","STA","2009");

insert into persoon (id,naam,foto,nationaliteit) value ("GREGORYDUFER","Grégory Dufer","GREGORYDUFER.jpg","BEL");
insert into persoonfunctie (persoonid,functieid) value ("GREGORYDUFER",(select id from functie where naam="Middenvelder"));

	insert into persoonploeg (persoonid,ploegid,jaartal) value ("GREGORYDUFER","STA","2009");

insert into persoon (id,naam,foto,nationaliteit) value ("LANDRYMULEMO","Landry Mulemo","LANDRYMULEMO.jpg","BEL");
insert into persoonfunctie (persoonid,functieid) value ("LANDRYMULEMO",(select id from functie where naam="Verdediger"));

	insert into persoonploeg (persoonid,ploegid,jaartal) value ("LANDRYMULEMO","STA","2009");

insert into persoon (id,naam,foto,nationaliteit) value ("TOMISLAVMIKULIC","Tomislav Mikulic","TOMISLAVMIKULIC.jpg","KRO");
insert into persoonfunctie (persoonid,functieid) value ("TOMISLAVMIKULIC",(select id from functie where naam="Verdediger"));

	insert into persoonploeg (persoonid,ploegid,jaartal) value ("TOMISLAVMIKULIC","STA","2009");

	insert into persoonploeg (persoonid,ploegid,jaartal) value ("TOMISLAVMIKULIC","GBA","2009");

insert into persoon (id,naam,foto,nationaliteit) value ("ANTHONYMORIS","Anthony Moris","ANTHONYMORIS.jpg","BEL");
insert into persoonfunctie (persoonid,functieid) value ("ANTHONYMORIS",(select id from functie where naam="Doelman"));

	insert into persoonploeg (persoonid,ploegid,jaartal) value ("ANTHONYMORIS","STA","2009");

insert into persoon (id,naam,foto,nationaliteit) value ("MARCOSCAMOZZATO","Marcos Camozzato","MARCOSCAMOZZATO.jpg","BRA");
insert into persoonfunctie (persoonid,functieid) value ("MARCOSCAMOZZATO",(select id from functie where naam="Verdediger"));

	insert into persoonploeg (persoonid,ploegid,jaartal) value ("MARCOSCAMOZZATO","STA","2009");

insert into persoon (id,naam,foto,nationaliteit) value ("MOHAMEDSARR","Mohamed Sarr","MOHAMEDSARR.jpg","SEN");
insert into persoonfunctie (persoonid,functieid) value ("MOHAMEDSARR",(select id from functie where naam="Verdediger"));

	insert into persoonploeg (persoonid,ploegid,jaartal) value ("MOHAMEDSARR","STA","2009");

insert into persoon (id,naam,foto,nationaliteit) value ("ELIAQUIMMANGALA","Eliaquim Mangala","ELIAQUIMMANGALA.jpg","FRA");
insert into persoonfunctie (persoonid,functieid) value ("ELIAQUIMMANGALA",(select id from functie where naam="Middenvelder"));

	insert into persoonploeg (persoonid,ploegid,jaartal) value ("ELIAQUIMMANGALA","STA","2009");

insert into persoon (id,naam,foto,nationaliteit) value ("MILANJOVANOVIC","Milan Jovanovic","MILANJOVANOVIC.jpg","SER");
insert into persoonfunctie (persoonid,functieid) value ("MILANJOVANOVIC",(select id from functie where naam="Aanvaller"));

	insert into persoonploeg (persoonid,ploegid,jaartal) value ("MILANJOVANOVIC","STA","2009");

insert into persoon (id,naam,foto,nationaliteit) value ("BENJAMINNICAISE","Benjamin Nicaise","BENJAMINNICAISE.jpg","FRA");
insert into persoonfunctie (persoonid,functieid) value ("BENJAMINNICAISE",(select id from functie where naam="Middenvelder"));

	insert into persoonploeg (persoonid,ploegid,jaartal) value ("BENJAMINNICAISE","STA","2009");

insert into persoon (id,naam,foto,nationaliteit) value ("AXELWITSEL","Axel Witsel","AXELWITSEL.jpg","BEL");
insert into persoonfunctie (persoonid,functieid) value ("AXELWITSEL",(select id from functie where naam="Middenvelder"));

	insert into persoonploeg (persoonid,ploegid,jaartal) value ("AXELWITSEL","STA","2009");

insert into persoon (id,naam,foto,nationaliteit) value ("GOHIBICYRIAC","Gohi Bi Zoro Cyriac","GOHIBIZOROCYRIAC.jpg","IVO");
insert into persoonfunctie (persoonid,functieid) value ("GOHIBICYRIAC",(select id from functie where naam="Aanvaller"));

	insert into persoonploeg (persoonid,ploegid,jaartal) value ("GOHIBICYRIAC","STA","2009");

insert into persoon (id,naam,foto,nationaliteit) value ("MEHDICARCELA-GONZALEZ","Mehdi Carcela-Gonzalez","MEHDICARCELA-GONZALEZ.jpg","MAR");
insert into persoonfunctie (persoonid,functieid) value ("MEHDICARCELA-GONZALEZ",(select id from functie where naam="Middenvelder"));

	insert into persoonploeg (persoonid,ploegid,jaartal) value ("MEHDICARCELA-GONZALEZ","STA","2009");

insert into persoon (id,naam,foto,nationaliteit) value ("SINANBOLAT","Sinan Bolat","SINANBOLAT.jpg","TUR");
insert into persoonfunctie (persoonid,functieid) value ("SINANBOLAT",(select id from functie where naam="Doelman"));

	insert into persoonploeg (persoonid,ploegid,jaartal) value ("SINANBOLAT","STA","2009");

insert into persoon (id,naam,foto,nationaliteit) value ("ALEXMORAES","Alex Moraes","ALEXMORAES.jpg","BRA");
insert into persoonfunctie (persoonid,functieid) value ("ALEXMORAES",(select id from functie where naam="Verdediger"));

	insert into persoonploeg (persoonid,ploegid,jaartal) value ("ALEXMORAES","STA","2009");

insert into persoon (id,naam,foto,nationaliteit) value ("MOUSSATRAORE","Moussa Traore","MOUSSATRAORE.jpg","IVO");
insert into persoonfunctie (persoonid,functieid) value ("MOUSSATRAORE",(select id from functie where naam="Aanvaller"));

	insert into persoonploeg (persoonid,ploegid,jaartal) value ("MOUSSATRAORE","STA","2009");

insert into persoon (id,naam,foto,nationaliteit) value ("KRISTOFVANHOUT","Kristof Van Hout","KRISTOFVANHOUT.jpg","BEL");
insert into persoonfunctie (persoonid,functieid) value ("KRISTOFVANHOUT",(select id from functie where naam="Doelman"));

	insert into persoonploeg (persoonid,ploegid,jaartal) value ("KRISTOFVANHOUT","STA","2009");

insert into persoon (id,naam,foto,nationaliteit) value ("FELIPE","Felipe","FELIPE.jpg","BRA");
insert into persoonfunctie (persoonid,functieid) value ("FELIPE",(select id from functie where naam="Verdediger"));

	insert into persoonploeg (persoonid,ploegid,jaartal) value ("FELIPE","STA","2009");

insert into persoon (id,naam,foto,nationaliteit) value ("RAMOS","Ramos","RAMOS.jpg","BRA");
insert into persoonfunctie (persoonid,functieid) value ("RAMOS",(select id from functie where naam="Verdediger"));

	insert into persoonploeg (persoonid,ploegid,jaartal) value ("RAMOS","STA","2009");

insert into persoon (id,naam,foto,nationaliteit) value ("RICARDOROCHA","Ricardo Rocha","RICARDOROCHA.jpg","POR");
insert into persoonfunctie (persoonid,functieid) value ("RICARDOROCHA",(select id from functie where naam="Verdediger"));

	insert into persoonploeg (persoonid,ploegid,jaartal) value ("RICARDOROCHA","STA","2009");

insert into persoon (id,naam,foto,nationaliteit) value ("DAMIENLAHAYE","Damien Lahaye","DAMIENLAHAYE.jpg","BEL");
insert into persoonfunctie (persoonid,functieid) value ("DAMIENLAHAYE",(select id from functie where naam="Doelman"));

	insert into persoonploeg (persoonid,ploegid,jaartal) value ("DAMIENLAHAYE","CHA","2009");

insert into persoon (id,naam,foto,nationaliteit) value ("JANLELLA","Jan Lella","JANLELLA.jpg","BEL");
insert into persoonfunctie (persoonid,functieid) value ("JANLELLA",(select id from functie where naam="Middenvelder"));

	insert into persoonploeg (persoonid,ploegid,jaartal) value ("JANLELLA","CHA","2009");

insert into persoon (id,naam,foto,nationaliteit) value ("MASSIMOMOIA","Massimo Moia","MASSIMOMOIA.jpg","BEL");
insert into persoonfunctie (persoonid,functieid) value ("MASSIMOMOIA",(select id from functie where naam="Verdediger"));

	insert into persoonploeg (persoonid,ploegid,jaartal) value ("MASSIMOMOIA","CHA","2009");

insert into persoon (id,naam,foto,nationaliteit) value ("ADLENEGUEDIOURA","Adlène Guedioura","ADLENEGUEDIOURA.jpg","FRA");
insert into persoonfunctie (persoonid,functieid) value ("ADLENEGUEDIOURA",(select id from functie where naam="Middenvelder"));

	insert into persoonploeg (persoonid,ploegid,jaartal) value ("ADLENEGUEDIOURA","CHA","2009");

insert into persoon (id,naam,foto,nationaliteit) value ("MOHAMEDCHAKOURI","Mohamed Chakouri","MOHAMEDCHAKOURI.jpg","FRA");
insert into persoonfunctie (persoonid,functieid) value ("MOHAMEDCHAKOURI",(select id from functie where naam="Verdediger"));

	insert into persoonploeg (persoonid,ploegid,jaartal) value ("MOHAMEDCHAKOURI","CHA","2009");

insert into persoon (id,naam,foto,nationaliteit) value ("HABIBHABIBOU","Mahamoudou Habibou","MAHAMOUDOUHABIBOU.jpg","FRA");
insert into persoonfunctie (persoonid,functieid) value ("HABIBHABIBOU",(select id from functie where naam="Aanvaller"));

	insert into persoonploeg (persoonid,ploegid,jaartal) value ("HABIBHABIBOU","CHA","2009");

insert into persoon (id,naam,foto,nationaliteit) value ("SEBASTIENCHABOUD","Sébastien Chaboud","SEBASTIENCHABOUD.jpg","FRA");
insert into persoonfunctie (persoonid,functieid) value ("SEBASTIENCHABOUD",(select id from functie where naam="Middenvelder"));

	insert into persoonploeg (persoonid,ploegid,jaartal) value ("SEBASTIENCHABOUD","CHA","2009");

insert into persoon (id,naam,foto,nationaliteit) value ("MOUHSINEIAJOUR","Mouhsine Iajour","MOUHSINEIAJOUR.jpg","MAR");
insert into persoonfunctie (persoonid,functieid) value ("MOUHSINEIAJOUR",(select id from functie where naam="Aanvaller"));

	insert into persoonploeg (persoonid,ploegid,jaartal) value ("MOUHSINEIAJOUR","CHA","2009");

insert into persoon (id,naam,foto,nationaliteit) value ("GEOFFREYMUJANGIBIA","Geoffrey Mujangi Bia","GEOFFREYMUJANGIBIA.jpg","CON");
insert into persoonfunctie (persoonid,functieid) value ("GEOFFREYMUJANGIBIA",(select id from functie where naam="Middenvelder"));

	insert into persoonploeg (persoonid,ploegid,jaartal) value ("GEOFFREYMUJANGIBIA","CHA","2009");

insert into persoon (id,naam,foto,nationaliteit) value ("MICHAELBLANC","Michaël Blanc","MICHAELBLANC.jpg","FRA");
insert into persoonfunctie (persoonid,functieid) value ("MICHAELBLANC",(select id from functie where naam="Verdediger"));

	insert into persoonploeg (persoonid,ploegid,jaartal) value ("MICHAELBLANC","CHA","2009");

insert into persoon (id,naam,foto,nationaliteit) value ("GUIMARAESDELANACASTRODIOGO","Guimaraes de Lana Castro Diogo","GUIMARAESDELANACASTRODIOGO.jpg","BRA");
insert into persoonfunctie (persoonid,functieid) value ("GUIMARAESDELANACASTRODIOGO",(select id from functie where naam="Aanvaller"));

	insert into persoonploeg (persoonid,ploegid,jaartal) value ("GUIMARAESDELANACASTRODIOGO","CHA","2009");

insert into persoon (id,naam,foto,nationaliteit) value ("SÉBASTIENCHABBERT","Sébastien Chabbert","SEBASTIENCHABBERT.jpg","FRA");
insert into persoonfunctie (persoonid,functieid) value ("SÉBASTIENCHABBERT",(select id from functie where naam="Doelman"));

	insert into persoonploeg (persoonid,ploegid,jaartal) value ("SÉBASTIENCHABBERT","CHA","2009");

insert into persoon (id,naam,foto,nationaliteit) value ("MAHAMOUDOUKERE","Mahamoudou Keré","MAHAMOUDOUKERE.jpg","BUR");
insert into persoonfunctie (persoonid,functieid) value ("MAHAMOUDOUKERE",(select id from functie where naam="Verdediger"));

	insert into persoonploeg (persoonid,ploegid,jaartal) value ("MAHAMOUDOUKERE","CHA","2009");

insert into persoon (id,naam,foto,nationaliteit) value ("REMISERGIO","Remi Sergio","REMISERGIO.jpg","FRA");
insert into persoonfunctie (persoonid,functieid) value ("REMISERGIO",(select id from functie where naam="Middenvelder"));

	insert into persoonploeg (persoonid,ploegid,jaartal) value ("REMISERGIO","CHA","2009");

insert into persoon (id,naam,foto,nationaliteit) value ("DAVIDVANDENBROECK","David Vandenbroeck","DAVIDVANDENBROECK.jpg","BEL");
insert into persoonfunctie (persoonid,functieid) value ("DAVIDVANDENBROECK",(select id from functie where naam="Verdediger"));

	insert into persoonploeg (persoonid,ploegid,jaartal) value ("DAVIDVANDENBROECK","CHA","2009");

insert into persoon (id,naam,foto,nationaliteit) value ("GRÉGORYGRISEZ","Grégory Grisez","GREGORYGRISEZ.jpg","BEL");
insert into persoonfunctie (persoonid,functieid) value ("GRÉGORYGRISEZ",(select id from functie where naam="Aanvaller"));

	insert into persoonploeg (persoonid,ploegid,jaartal) value ("GRÉGORYGRISEZ","CHA","2009");

insert into persoon (id,naam,foto,nationaliteit) value ("ABDELMAJIDOULMERS","Abdelmajid Oulmers","ABDELMAJIDOULMERS.jpg","MAR");
insert into persoonfunctie (persoonid,functieid) value ("ABDELMAJIDOULMERS",(select id from functie where naam="Middenvelder"));

	insert into persoonploeg (persoonid,ploegid,jaartal) value ("ABDELMAJIDOULMERS","CHA","2009");

insert into persoon (id,naam,foto,nationaliteit) value ("ORLANDODOSSANTOSCOSTA","Costa Dos Santos Orlando","COSTADOSSANTOSORLANDO.jpg","BRA");
insert into persoonfunctie (persoonid,functieid) value ("ORLANDODOSSANTOSCOSTA",(select id from functie where naam="Aanvaller"));

	insert into persoonploeg (persoonid,ploegid,jaartal) value ("ORLANDODOSSANTOSCOSTA","CHA","2009");

insert into persoon (id,naam,foto,nationaliteit) value ("CYPRIENBAGUETTE","Cyprien Baguette","CYPRIENBAGUETTE.jpg","BEL");
insert into persoonfunctie (persoonid,functieid) value ("CYPRIENBAGUETTE",(select id from functie where naam="Doelman"));

	insert into persoonploeg (persoonid,ploegid,jaartal) value ("CYPRIENBAGUETTE","CHA","2009");

insert into persoon (id,naam,foto,nationaliteit) value ("GREGORYCHRIST","Gregory Christ","GREGORYCHRIST.jpg","FRA");
insert into persoonfunctie (persoonid,functieid) value ("GREGORYCHRIST",(select id from functie where naam="Middenvelder"));

	insert into persoonploeg (persoonid,ploegid,jaartal) value ("GREGORYCHRIST","CHA","2009");

insert into persoon (id,naam,foto,nationaliteit) value ("ILOMBEMBOYO","Ilombe Mboyo","ILOMBEMBOYO.jpg","CON");
insert into persoonfunctie (persoonid,functieid) value ("ILOMBEMBOYO",(select id from functie where naam="Aanvaller"));

	insert into persoonploeg (persoonid,ploegid,jaartal) value ("ILOMBEMBOYO","CHA","2009");

insert into persoon (id,naam,foto,nationaliteit) value ("ALESSANDROCORDARO","Alessandro Cordaro","ALESSANDROCORDARO.jpg","BEL");
insert into persoonfunctie (persoonid,functieid) value ("ALESSANDROCORDARO",(select id from functie where naam="Middenvelder"));

	insert into persoonploeg (persoonid,ploegid,jaartal) value ("ALESSANDROCORDARO","CHA","2009");

insert into persoon (id,naam,foto,nationaliteit) value ("IBRAHIMADIALLO","Ibrahima Diallo","IBRAHIMADIALLO.jpg","GUI");
insert into persoonfunctie (persoonid,functieid) value ("IBRAHIMADIALLO",(select id from functie where naam="Verdediger"));

	insert into persoonploeg (persoonid,ploegid,jaartal) value ("IBRAHIMADIALLO","CHA","2009");

insert into persoon (id,naam,foto,nationaliteit) value ("MAXIMEBRILLAULT","Maxime Brillault","MAXIMEBRILLAULT.jpg","FRA");
insert into persoonfunctie (persoonid,functieid) value ("MAXIMEBRILLAULT",(select id from functie where naam="Verdediger"));

	insert into persoonploeg (persoonid,ploegid,jaartal) value ("MAXIMEBRILLAULT","CHA","2009");

insert into persoon (id,naam,foto,nationaliteit) value ("PETERFRANQUAERT","Peter Franquaert","PETERFRANQUAERT.jpg","FRA");
insert into persoonfunctie (persoonid,functieid) value ("PETERFRANQUAERT",(select id from functie where naam="Verdediger"));

	insert into persoonploeg (persoonid,ploegid,jaartal) value ("PETERFRANQUAERT","CHA","2009");

insert into persoon (id,naam,foto,nationaliteit) value ("HERVEKAGE","Hervé Kage","HERVEKAGE.jpg","BEL");
insert into persoonfunctie (persoonid,functieid) value ("HERVEKAGE",(select id from functie where naam="Middenvelder"));

	insert into persoonploeg (persoonid,ploegid,jaartal) value ("HERVEKAGE","CHA","2009");

insert into persoon (id,naam,foto,nationaliteit) value ("CYRILTHÉREAU","Cyril Théreau","CYRILTHEREAU.jpg","FRA");
insert into persoonfunctie (persoonid,functieid) value ("CYRILTHÉREAU",(select id from functie where naam="Aanvaller"));

	insert into persoonploeg (persoonid,ploegid,jaartal) value ("CYRILTHÉREAU","CHA","2009");

insert into persoon (id,naam,foto,nationaliteit) value ("FRANKBOECKX","Frank Boeckx","FRANKBOECKX.jpg","BEL");
insert into persoonfunctie (persoonid,functieid) value ("FRANKBOECKX",(select id from functie where naam="Doelman"));

	insert into persoonploeg (persoonid,ploegid,jaartal) value ("FRANKBOECKX","GNT","2009");

insert into persoon (id,naam,foto,nationaliteit) value ("MARKOSULER","Marko Šuler","MARKOSULER.jpg","SLO");
insert into persoonfunctie (persoonid,functieid) value ("MARKOSULER",(select id from functie where naam="Verdediger"));

	insert into persoonploeg (persoonid,ploegid,jaartal) value ("MARKOSULER","GNT","2009");

insert into persoon (id,naam,foto,nationaliteit) value ("ROYMYRIEMEDRANO","Roy Myrie Medrano","ROYMYRIEMEDRANO.jpg","COS");
insert into persoonfunctie (persoonid,functieid) value ("ROYMYRIEMEDRANO",(select id from functie where naam="Verdediger"));

	insert into persoonploeg (persoonid,ploegid,jaartal) value ("ROYMYRIEMEDRANO","GNT","2009");

insert into persoon (id,naam,foto,nationaliteit) value ("ERLENDHANSTVEIT","Erlend Hanstveit","ERLENDHANSTVEIT.jpg","NOO");
insert into persoonfunctie (persoonid,functieid) value ("ERLENDHANSTVEIT",(select id from functie where naam="Verdediger"));

	insert into persoonploeg (persoonid,ploegid,jaartal) value ("ERLENDHANSTVEIT","GNT","2009");

insert into persoon (id,naam,foto,nationaliteit) value ("STEFWILS","Stef Wils","STEFWILS.jpg","BEL");
insert into persoonfunctie (persoonid,functieid) value ("STEFWILS",(select id from functie where naam="Verdediger"));

	insert into persoonploeg (persoonid,ploegid,jaartal) value ("STEFWILS","GNT","2009");

insert into persoon (id,naam,foto,nationaliteit) value ("TIMSMOLDERS","Tim Smolders ","TIMSMOLDERS.jpg","BEL");
insert into persoonfunctie (persoonid,functieid) value ("TIMSMOLDERS",(select id from functie where naam="Middenvelder"));

	insert into persoonploeg (persoonid,ploegid,jaartal) value ("TIMSMOLDERS","GNT","2009");

insert into persoon (id,naam,foto,nationaliteit) value ("BERNDTHIJS","Bernd Thijs","BERNDTHIJS.jpg","BEL");
insert into persoonfunctie (persoonid,functieid) value ("BERNDTHIJS",(select id from functie where naam="Middenvelder"));

	insert into persoonploeg (persoonid,ploegid,jaartal) value ("BERNDTHIJS","GNT","2009");

insert into persoon (id,naam,foto,nationaliteit) value ("MBAYELEYE","Mbaye Leye","MBAYELEYE.jpg","SEN");
insert into persoonfunctie (persoonid,functieid) value ("MBAYELEYE",(select id from functie where naam="Aanvaller"));

	insert into persoonploeg (persoonid,ploegid,jaartal) value ("MBAYELEYE","GNT","2009");

insert into persoon (id,naam,foto,nationaliteit) value ("RANDALLAZOFEIFA","Randall Azofeifa Corrales","RANDALLAZOFEIFACORRALES.jpg","COS");
insert into persoonfunctie (persoonid,functieid) value ("RANDALLAZOFEIFA",(select id from functie where naam="Middenvelder"));

	insert into persoonploeg (persoonid,ploegid,jaartal) value ("RANDALLAZOFEIFA","GNT","2009");

insert into persoon (id,naam,foto,nationaliteit) value ("YASSINEELGHANASSY","Yassine El Ghanassy","YASSINEELGHANASSY.jpg","BEL");
insert into persoonfunctie (persoonid,functieid) value ("YASSINEELGHANASSY",(select id from functie where naam="Middenvelder"));

	insert into persoonploeg (persoonid,ploegid,jaartal) value ("YASSINEELGHANASSY","GNT","2009");

insert into persoon (id,naam,foto,nationaliteit) value ("KENNYTHOMPSON","Kenny Thompson","KENNYTHOMPSON.jpg","BEL");
insert into persoonfunctie (persoonid,functieid) value ("KENNYTHOMPSON",(select id from functie where naam="Verdediger"));

	insert into persoonploeg (persoonid,ploegid,jaartal) value ("KENNYTHOMPSON","GNT","2009");

insert into persoon (id,naam,foto,nationaliteit) value ("ADRIANODUARTE","Adriano Duarte","ADRIANODUARTE.jpg","BRA");
insert into persoonfunctie (persoonid,functieid) value ("ADRIANODUARTE",(select id from functie where naam="Verdediger"));

	insert into persoonploeg (persoonid,ploegid,jaartal) value ("ADRIANODUARTE","GNT","2009");

insert into persoon (id,naam,foto,nationaliteit) value ("ADNANCUSTOVIC","Adnan Custovic","ADNANCUSTOVIC.jpg","BOS");
insert into persoonfunctie (persoonid,functieid) value ("ADNANCUSTOVIC",(select id from functie where naam="Aanvaller"));

	insert into persoonploeg (persoonid,ploegid,jaartal) value ("ADNANCUSTOVIC","GNT","2009");

insert into persoon (id,naam,foto,nationaliteit) value ("ADEKAMNIOLUFADE","Adekamni Olufade","ADEKAMNIOLUFADE.jpg","TOG");
insert into persoonfunctie (persoonid,functieid) value ("ADEKAMNIOLUFADE",(select id from functie where naam="Aanvaller"));

	insert into persoonploeg (persoonid,ploegid,jaartal) value ("ADEKAMNIOLUFADE","GNT","2009");

insert into persoon (id,naam,foto,nationaliteit) value ("ELIMANECOULIBALY","Elimane Coulibaly","ELIMANECOULIBALY.jpg","BEL");
insert into persoonfunctie (persoonid,functieid) value ("ELIMANECOULIBALY",(select id from functie where naam="Aanvaller"));

	insert into persoonploeg (persoonid,ploegid,jaartal) value ("ELIMANECOULIBALY","GNT","2009");

insert into persoon (id,naam,foto,nationaliteit) value ("ROBERTOROSALES","Roberto Rosales","ROBERTOROSALES.jpg","VEN");
insert into persoonfunctie (persoonid,functieid) value ("ROBERTOROSALES",(select id from functie where naam="Middenvelder"));

	insert into persoonploeg (persoonid,ploegid,jaartal) value ("ROBERTOROSALES","GNT","2009");

insert into persoon (id,naam,foto,nationaliteit) value ("KASSIMDOUMBIA","Kassim Doumbia","KASSIMDOUMBIA.jpg","MAL");
insert into persoonfunctie (persoonid,functieid) value ("KASSIMDOUMBIA",(select id from functie where naam="Verdediger"));

	insert into persoonploeg (persoonid,ploegid,jaartal) value ("KASSIMDOUMBIA","GNT","2009");

insert into persoon (id,naam,foto,nationaliteit) value ("STIJNDESMET","Stijn De Smet","STIJNDESMET.jpg","BEL");
insert into persoonfunctie (persoonid,functieid) value ("STIJNDESMET",(select id from functie where naam="Aanvaller"));

	insert into persoonploeg (persoonid,ploegid,jaartal) value ("STIJNDESMET","GNT","2009");

insert into persoon (id,naam,foto,nationaliteit) value ("LUKALAZICH","Luka Lazich","LUKALAZICH.jpg","BEL");
insert into persoonfunctie (persoonid,functieid) value ("LUKALAZICH",(select id from functie where naam="Doelman"));

	insert into persoonploeg (persoonid,ploegid,jaartal) value ("LUKALAZICH","GNT","2009");

insert into persoon (id,naam,foto,nationaliteit) value ("KENNETHOTS","Kenneth Ots","KENNETHOTS.jpg","BEL");
insert into persoonfunctie (persoonid,functieid) value ("KENNETHOTS",(select id from functie where naam="Doelman"));

	insert into persoonploeg (persoonid,ploegid,jaartal) value ("KENNETHOTS","GNT","2009");

insert into persoon (id,naam,foto,nationaliteit) value ("MAMOUTOUNDIAYÉ","Mamoutou N'Diayé","MAMOUTOUNDIAYE.jpg","MAL");
insert into persoonfunctie (persoonid,functieid) value ("MAMOUTOUNDIAYÉ",(select id from functie where naam="Middenvelder"));

	insert into persoonploeg (persoonid,ploegid,jaartal) value ("MAMOUTOUNDIAYÉ","GNT","2009");

insert into persoon (id,naam,foto,nationaliteit) value ("CHRISTOPHELEPOINT","Christophe Lepoint","CHRISTOPHELEPOINT.jpg","BEL");
insert into persoonfunctie (persoonid,functieid) value ("CHRISTOPHELEPOINT",(select id from functie where naam="Middenvelder"));

	insert into persoonploeg (persoonid,ploegid,jaartal) value ("CHRISTOPHELEPOINT","GNT","2009");

insert into persoon (id,naam,foto,nationaliteit) value ("MILOSMARIC","Miloš Maric","MILOSMARIC.jpg","KRO");
insert into persoonfunctie (persoonid,functieid) value ("MILOSMARIC",(select id from functie where naam="Middenvelder"));

	insert into persoonploeg (persoonid,ploegid,jaartal) value ("MILOSMARIC","GNT","2009");

insert into persoon (id,naam,foto,nationaliteit) value ("BOJANJORGACEVIC","Bojan Jorgacevic","BOJANJORGACEVIC.jpg","KRO");
insert into persoonfunctie (persoonid,functieid) value ("BOJANJORGACEVIC",(select id from functie where naam="Doelman"));

	insert into persoonploeg (persoonid,ploegid,jaartal) value ("BOJANJORGACEVIC","GNT","2009");

insert into persoon (id,naam,foto,nationaliteit) value ("ZLATANLJUBIJANKIC","Zlatan Ljubijankic","ZLATANLJUBIJANKIC.jpg","SLO");
insert into persoonfunctie (persoonid,functieid) value ("ZLATANLJUBIJANKIC",(select id from functie where naam="Aanvaller"));

	insert into persoonploeg (persoonid,ploegid,jaartal) value ("ZLATANLJUBIJANKIC","GNT","2009");

insert into persoon (id,naam,foto,nationaliteit) value ("CHRISTOPHEGRONDIN","Christophe Grondin","CHRISTOPHEGRONDIN.jpg","FRA");
insert into persoonfunctie (persoonid,functieid) value ("CHRISTOPHEGRONDIN",(select id from functie where naam="Middenvelder"));

	insert into persoonploeg (persoonid,ploegid,jaartal) value ("CHRISTOPHEGRONDIN","GNT","2009");

insert into persoon (id,naam,foto,nationaliteit) value ("ALEXANDREMARTINOVIC","Alexandre Martinovic","ALEXANDREMARTINOVIC.jpg","FRA");
insert into persoonfunctie (persoonid,functieid) value ("ALEXANDREMARTINOVIC",(select id from functie where naam="Doelman"));

	insert into persoonploeg (persoonid,ploegid,jaartal) value ("ALEXANDREMARTINOVIC","GNT","2009");

insert into persoon (id,naam,foto,nationaliteit) value ("STEFANDELOOSE","Stefan Deloose","STEFANDELOOSE.jpg","BEL");
insert into persoonfunctie (persoonid,functieid) value ("STEFANDELOOSE",(select id from functie where naam="Doelman"));

	insert into persoonploeg (persoonid,ploegid,jaartal) value ("STEFANDELOOSE","LOK","2009");

insert into persoon (id,naam,foto,nationaliteit) value ("YOAVZIV","Yoav Ziv","YOAVZIV.jpg","ISR");
insert into persoonfunctie (persoonid,functieid) value ("YOAVZIV",(select id from functie where naam="Verdediger"));

	insert into persoonploeg (persoonid,ploegid,jaartal) value ("YOAVZIV","LOK","2009");

insert into persoon (id,naam,foto,nationaliteit) value ("HASSANELMOUATAZ","Hassan El Mouataz","HASSANELMOUATAZ.jpg","MAR");
insert into persoonfunctie (persoonid,functieid) value ("HASSANELMOUATAZ",(select id from functie where naam="Verdediger"));

	insert into persoonploeg (persoonid,ploegid,jaartal) value ("HASSANELMOUATAZ","LOK","2009");

insert into persoon (id,naam,foto,nationaliteit) value ("OLIVIERDOLL","Olivier Doll","OLIVIERDOLL.jpg","BEL");
insert into persoonfunctie (persoonid,functieid) value ("OLIVIERDOLL",(select id from functie where naam="Verdediger"));

	insert into persoonploeg (persoonid,ploegid,jaartal) value ("OLIVIERDOLL","LOK","2009");

insert into persoon (id,naam,foto,nationaliteit) value ("AVISTRUL","Avi Strul","AVISTRUL.jpg","ISR");
insert into persoonfunctie (persoonid,functieid) value ("AVISTRUL",(select id from functie where naam="Middenvelder"));

	insert into persoonploeg (persoonid,ploegid,jaartal) value ("AVISTRUL","LOK","2009");

insert into persoon (id,naam,foto,nationaliteit) value ("TSHINYAMATIKO","Tshinyama Tiko","TSHINYAMATIKO.jpg","CON");
insert into persoonfunctie (persoonid,functieid) value ("TSHINYAMATIKO",(select id from functie where naam="Middenvelder"));

	insert into persoonploeg (persoonid,ploegid,jaartal) value ("TSHINYAMATIKO","LOK","2009");

insert into persoon (id,naam,foto,nationaliteit) value ("KILLIANOVERMEIRE","Killian Overmeire","KILLIANOVERMEIRE.jpg","BEL");
insert into persoonfunctie (persoonid,functieid) value ("KILLIANOVERMEIRE",(select id from functie where naam="Middenvelder"));

	insert into persoonploeg (persoonid,ploegid,jaartal) value ("KILLIANOVERMEIRE","LOK","2009");

insert into persoon (id,naam,foto,nationaliteit) value ("ERTANDEMIRI","Ertan Demiri","ERTANDEMIRI.jpg","MAR");
insert into persoonfunctie (persoonid,functieid) value ("ERTANDEMIRI",(select id from functie where naam="Middenvelder"));

	insert into persoonploeg (persoonid,ploegid,jaartal) value ("ERTANDEMIRI","LOK","2009");

insert into persoon (id,naam,foto,nationaliteit) value ("AHMEDTOURÉ","Ahmed Touré","AHMEDTOURE.jpg","IVO");
insert into persoonfunctie (persoonid,functieid) value ("AHMEDTOURÉ",(select id from functie where naam="Aanvaller"));

	insert into persoonploeg (persoonid,ploegid,jaartal) value ("AHMEDTOURÉ","LOK","2009");

insert into persoon (id,naam,foto,nationaliteit) value ("MARCELMBAYO","Marcel Mbayo","MARCELMBAYO.jpg","CON");
insert into persoonfunctie (persoonid,functieid) value ("MARCELMBAYO",(select id from functie where naam="Middenvelder"));

	insert into persoonploeg (persoonid,ploegid,jaartal) value ("MARCELMBAYO","LOK","2009");

insert into persoon (id,naam,foto,nationaliteit) value ("VELDINMUHAREMOVIC","Veldin Muharemovic","VELDINMUHAREMOVIC.jpg","BOS");
insert into persoonfunctie (persoonid,functieid) value ("VELDINMUHAREMOVIC",(select id from functie where naam="Verdediger"));

	insert into persoonploeg (persoonid,ploegid,jaartal) value ("VELDINMUHAREMOVIC","LOK","2009");

insert into persoon (id,naam,foto,nationaliteit) value ("JUGOSLAVLAZIC","Jugoslav Lazic","JUGOSLAVLAZIC.jpg","SER");
insert into persoonfunctie (persoonid,functieid) value ("JUGOSLAVLAZIC",(select id from functie where naam="Doelman"));

	insert into persoonploeg (persoonid,ploegid,jaartal) value ("JUGOSLAVLAZIC","LOK","2009");

insert into persoon (id,naam,foto,nationaliteit) value ("ALIBOUABE","Ali Bouabé","ALIBOUABE.jpg","MAR");
insert into persoonfunctie (persoonid,functieid) value ("ALIBOUABE",(select id from functie where naam="Middenvelder"));

	insert into persoonploeg (persoonid,ploegid,jaartal) value ("ALIBOUABE","LOK","2009");

insert into persoon (id,naam,foto,nationaliteit) value ("OMERGOLAN","Omer Golan","OMERGOLAN.jpg","ISR");
insert into persoonfunctie (persoonid,functieid) value ("OMERGOLAN",(select id from functie where naam="Aanvaller"));

	insert into persoonploeg (persoonid,ploegid,jaartal) value ("OMERGOLAN","LOK","2009");

insert into persoon (id,naam,foto,nationaliteit) value ("FRÉDÉRICDUPRÉ","Frédéric Dupré","FREDERICDUPRE.jpg","BEL");
insert into persoonfunctie (persoonid,functieid) value ("FRÉDÉRICDUPRÉ",(select id from functie where naam="Verdediger"));

	insert into persoonploeg (persoonid,ploegid,jaartal) value ("FRÉDÉRICDUPRÉ","LOK","2009");

insert into persoon (id,naam,foto,nationaliteit) value ("DAWIDJANCZYK","Dawid Janczyk","DAWIDJANCZYK.jpg","POO");
insert into persoonfunctie (persoonid,functieid) value ("DAWIDJANCZYK",(select id from functie where naam="Aanvaller"));

	insert into persoonploeg (persoonid,ploegid,jaartal) value ("DAWIDJANCZYK","LOK","2009");

insert into persoon (id,naam,foto,nationaliteit) value ("MARIOCAREVIC","Mario Carevic","MARIOCAREVIC.jpg","KRO");
insert into persoonfunctie (persoonid,functieid) value ("MARIOCAREVIC",(select id from functie where naam="Aanvaller"));

	insert into persoonploeg (persoonid,ploegid,jaartal) value ("MARIOCAREVIC","LOK","2009");

insert into persoon (id,naam,foto,nationaliteit) value ("SULEJMANSMAJIC","Sulejman Smajic","SULEJMANSMAJIC.jpg","BOS");
insert into persoonfunctie (persoonid,functieid) value ("SULEJMANSMAJIC",(select id from functie where naam="Middenvelder"));

	insert into persoonploeg (persoonid,ploegid,jaartal) value ("SULEJMANSMAJIC","LOK","2009");

insert into persoon (id,naam,foto,nationaliteit) value ("DONOVANDEEKMAN","Donovan Deekman","DONOVANDEEKMAN.jpg","NED");
insert into persoonfunctie (persoonid,functieid) value ("DONOVANDEEKMAN",(select id from functie where naam="Aanvaller"));

	insert into persoonploeg (persoonid,ploegid,jaartal) value ("DONOVANDEEKMAN","LOK","2009");

insert into persoon (id,naam,foto,nationaliteit) value ("ABOUBACARMBAYE","Aboubacar MBaye","ABOUBACARMBAYE.jpg","GUI");
insert into persoonfunctie (persoonid,functieid) value ("ABOUBACARMBAYE",(select id from functie where naam="Middenvelder"));

	insert into persoonploeg (persoonid,ploegid,jaartal) value ("ABOUBACARMBAYE","LOK","2009");

insert into persoon (id,naam,foto,nationaliteit) value ("BOUBACARDIALIBADIABANG","Boubacar Diabang","BOUBACARDIALIBADIABANG.jpg","SEN");
insert into persoonfunctie (persoonid,functieid) value ("BOUBACARDIALIBADIABANG",(select id from functie where naam="Middenvelder"));

	insert into persoonploeg (persoonid,ploegid,jaartal) value ("BOUBACARDIALIBADIABANG","KVM","2009");

insert into persoon (id,naam,foto,nationaliteit) value ("IDDIBABA","Iddi Baba","IDDIBABA.jpg","GHA");
insert into persoonfunctie (persoonid,functieid) value ("IDDIBABA",(select id from functie where naam="Aanvaller"));

	insert into persoonploeg (persoonid,ploegid,jaartal) value ("IDDIBABA","LOK","2009");

insert into persoon (id,naam,foto,nationaliteit) value ("IBRAHIMAGUEYE","Ibrahima Gueye","IBRAHIMAGUEYE.jpg","SEN");
insert into persoonfunctie (persoonid,functieid) value ("IBRAHIMAGUEYE",(select id from functie where naam="Verdediger"));

	insert into persoonploeg (persoonid,ploegid,jaartal) value ("IBRAHIMAGUEYE","LOK","2009");

insert into persoon (id,naam,foto,nationaliteit) value ("ARNEIVENS","Arne Ivens","ARNEIVENS.jpg","BEL");
insert into persoonfunctie (persoonid,functieid) value ("ARNEIVENS",(select id from functie where naam="Middenvelder"));

	insert into persoonploeg (persoonid,ploegid,jaartal) value ("ARNEIVENS","LOK","2009");

insert into persoon (id,naam,foto,nationaliteit) value ("KWINTENCLAPPAERT","Kwinten Clappaert","KWINTENCLAPPAERT.jpg","BEL");
insert into persoonfunctie (persoonid,functieid) value ("KWINTENCLAPPAERT",(select id from functie where naam="Middenvelder"));

	insert into persoonploeg (persoonid,ploegid,jaartal) value ("KWINTENCLAPPAERT","LOK","2009");

insert into persoon (id,naam,foto,nationaliteit) value ("KATUKUTSHIMANGA","Katuku Tshimanga","KATUKUTSHIMANGA.jpg","CON");
insert into persoonfunctie (persoonid,functieid) value ("KATUKUTSHIMANGA",(select id from functie where naam="Aanvaller"));

	insert into persoonploeg (persoonid,ploegid,jaartal) value ("KATUKUTSHIMANGA","LOK","2009");

insert into persoon (id,naam,foto,nationaliteit) value ("TOMISLAVSOKOTA","Tomislav Sokota","TOMISLAVSOKOTA.jpg","KRO");
insert into persoonfunctie (persoonid,functieid) value ("TOMISLAVSOKOTA",(select id from functie where naam="Aanvaller"));

	insert into persoonploeg (persoonid,ploegid,jaartal) value ("TOMISLAVSOKOTA","LOK","2009");

insert into persoon (id,naam,foto,nationaliteit) value ("LAURENSDEBOCK","Laurens De Bock","LAURENSDEBOCK.jpg","BEL");
insert into persoonfunctie (persoonid,functieid) value ("LAURENSDEBOCK",(select id from functie where naam="Verdediger"));

	insert into persoonploeg (persoonid,ploegid,jaartal) value ("LAURENSDEBOCK","LOK","2009");

insert into persoon (id,naam,foto,nationaliteit) value ("NILLDEPAUW","Nill De Pauw","NILLDEPAUW.jpg","BEL");
insert into persoonfunctie (persoonid,functieid) value ("NILLDEPAUW",(select id from functie where naam="Aanvaller"));

	insert into persoonploeg (persoonid,ploegid,jaartal) value ("NILLDEPAUW","LOK","2009");

insert into persoon (id,naam,foto,nationaliteit) value ("BOUBACARCOPA","Barry Boubacar Copa ","BARRYBOUBACARCOPA.jpg","IVO");
insert into persoonfunctie (persoonid,functieid) value ("BOUBACARCOPA",(select id from functie where naam="Doelman"));

	insert into persoonploeg (persoonid,ploegid,jaartal) value ("BOUBACARCOPA","LOK","2009");

insert into persoon (id,naam,foto,nationaliteit) value ("YANNICKTHOELEN","Yannick Thoelen","YANNICKTHOELEN.jpg","BEL");
insert into persoonfunctie (persoonid,functieid) value ("YANNICKTHOELEN",(select id from functie where naam="Doelman"));

	insert into persoonploeg (persoonid,ploegid,jaartal) value ("YANNICKTHOELEN","KVM","2009");

insert into persoon (id,naam,foto,nationaliteit) value ("AYMARFABRICEMORO","Aymar Fabrice Moro","AYMARFABRICEMORO.jpg","GAB");
insert into persoonfunctie (persoonid,functieid) value ("AYMARFABRICEMORO",(select id from functie where naam="Verdediger"));

	insert into persoonploeg (persoonid,ploegid,jaartal) value ("AYMARFABRICEMORO","KVM","2009");

insert into persoon (id,naam,foto,nationaliteit) value ("JONASIVENS","Jonas Ivens ","JONASIVENS.jpg","BEL");
insert into persoonfunctie (persoonid,functieid) value ("JONASIVENS",(select id from functie where naam="Verdediger"));

	insert into persoonploeg (persoonid,ploegid,jaartal) value ("JONASIVENS","KVM","2009");

insert into persoon (id,naam,foto,nationaliteit) value ("JEROENMELLEMANS","Jeroen Mellemans","JEROENMELLEMANS.jpg","BEL");
insert into persoonfunctie (persoonid,functieid) value ("JEROENMELLEMANS",(select id from functie where naam="Middenvelder"));

	insert into persoonploeg (persoonid,ploegid,jaartal) value ("JEROENMELLEMANS","KVM","2009");

insert into persoon (id,naam,foto,nationaliteit) value ("KENNYVANHOEVELEN","Kenny Van Hoevelen","KENNYVANHOEVELEN.jpg","BEL");
insert into persoonfunctie (persoonid,functieid) value ("KENNYVANHOEVELEN",(select id from functie where naam="Verdediger"));

	insert into persoonploeg (persoonid,ploegid,jaartal) value ("KENNYVANHOEVELEN","KVM","2009");

insert into persoon (id,naam,foto,nationaliteit) value ("KOENPERSOONS","Koen Persoons","KOENPERSOONS.jpg","BEL");
insert into persoonfunctie (persoonid,functieid) value ("KOENPERSOONS",(select id from functie where naam="Middenvelder"));

	insert into persoonploeg (persoonid,ploegid,jaartal) value ("KOENPERSOONS","KVM","2009");

insert into persoon (id,naam,foto,nationaliteit) value ("KENNETHVANGOETHEM","Kenneth Van Goethem","KENNETHVANGOETHEM.jpg","BEL");
insert into persoonfunctie (persoonid,functieid) value ("KENNETHVANGOETHEM",(select id from functie where naam="Middenvelder"));

	insert into persoonploeg (persoonid,ploegid,jaartal) value ("KENNETHVANGOETHEM","KVM","2009");

insert into persoon (id,naam,foto,nationaliteit) value ("XAVIERCHEN","Xavier Chen","XAVIERCHEN.jpg","BEL");
insert into persoonfunctie (persoonid,functieid) value ("XAVIERCHEN",(select id from functie where naam="Verdediger"));

	insert into persoonploeg (persoonid,ploegid,jaartal) value ("XAVIERCHEN","KVM","2009");

insert into persoon (id,naam,foto,nationaliteit) value ("GIUSEPPEROSSINI","Giuseppe Rossini","GIUSEPPEROSSINI.jpg","BEL");
insert into persoonfunctie (persoonid,functieid) value ("GIUSEPPEROSSINI",(select id from functie where naam="Aanvaller"));

	insert into persoonploeg (persoonid,ploegid,jaartal) value ("GIUSEPPEROSSINI","KVM","2009");

insert into persoon (id,naam,foto,nationaliteit) value ("ABDULYAKUNIIDDI","Abdul-Yakuni Iddi","ABDUL-YAKUNIIDDI.jpg","GHA");
insert into persoonfunctie (persoonid,functieid) value ("ABDULYAKUNIIDDI",(select id from functie where naam="Middenvelder"));

	insert into persoonploeg (persoonid,ploegid,jaartal) value ("ABDULYAKUNIIDDI","KVM","2009");

insert into persoon (id,naam,foto,nationaliteit) value ("JOACHIMMUNUNGA","Joachim Mununga","JOACHIMMUNUNGA.jpg","BEL");
insert into persoonfunctie (persoonid,functieid) value ("JOACHIMMUNUNGA",(select id from functie where naam="Aanvaller"));

	insert into persoonploeg (persoonid,ploegid,jaartal) value ("JOACHIMMUNUNGA","KVM","2009");

insert into persoon (id,naam,foto,nationaliteit) value ("JORENDOM","Joren Dom","JORENDOM.jpg","BEL");
insert into persoonfunctie (persoonid,functieid) value ("JORENDOM",(select id from functie where naam="Aanvaller"));

	insert into persoonploeg (persoonid,ploegid,jaartal) value ("JORENDOM","KVM","2009");

insert into persoon (id,naam,foto,nationaliteit) value ("JÉRÉMYDEVRIENDT","Jérémy De Vriendt","JEREMYDEVRIENDT.jpg","BEL");
insert into persoonfunctie (persoonid,functieid) value ("JÉRÉMYDEVRIENDT",(select id from functie where naam="Doelman"));

	insert into persoonploeg (persoonid,ploegid,jaartal) value ("JÉRÉMYDEVRIENDT","KVM","2009");

insert into persoon (id,naam,foto,nationaliteit) value ("ANTUNDUNKOVIC","Antun Dunkovic","ANTUNDUNKOVIC.jpg","KRO");
insert into persoonfunctie (persoonid,functieid) value ("ANTUNDUNKOVIC",(select id from functie where naam="Middenvelder"));

	insert into persoonploeg (persoonid,ploegid,jaartal) value ("ANTUNDUNKOVIC","KVM","2009");

insert into persoon (id,naam,foto,nationaliteit) value ("ALOISNONG","Alois Nong","ALOISNONG.jpg","KAM");
insert into persoonfunctie (persoonid,functieid) value ("ALOISNONG",(select id from functie where naam="Aanvaller"));

	insert into persoonploeg (persoonid,ploegid,jaartal) value ("ALOISNONG","KVM","2009");

insert into persoon (id,naam,foto,nationaliteit) value ("JULIENGORIUS","Julien Gorius","JULIENGORIUS.jpg","FRA");
insert into persoonfunctie (persoonid,functieid) value ("JULIENGORIUS",(select id from functie where naam="Middenvelder"));

	insert into persoonploeg (persoonid,ploegid,jaartal) value ("JULIENGORIUS","KVM","2009");

insert into persoon (id,naam,foto,nationaliteit) value ("KEVINGEUDENS","Kevin Geudens","KEVINGEUDENS.jpg","BEL");
insert into persoonfunctie (persoonid,functieid) value ("KEVINGEUDENS",(select id from functie where naam="Middenvelder"));

	insert into persoonploeg (persoonid,ploegid,jaartal) value ("KEVINGEUDENS","KVM","2009");

insert into persoon (id,naam,foto,nationaliteit) value ("YONIBUYENS","Yoni Buyens","YONIBUYENS.jpg","BEL");
insert into persoonfunctie (persoonid,functieid) value ("YONIBUYENS",(select id from functie where naam="Middenvelder"));

	insert into persoonploeg (persoonid,ploegid,jaartal) value ("YONIBUYENS","KVM","2009");

insert into persoon (id,naam,foto,nationaliteit) value ("DAVIDDESTORME","David Destorme","DAVIDDESTORME.jpg","BEL");
insert into persoonfunctie (persoonid,functieid) value ("DAVIDDESTORME",(select id from functie where naam="Middenvelder"));

	insert into persoonploeg (persoonid,ploegid,jaartal) value ("DAVIDDESTORME","KVM","2009");

insert into persoon (id,naam,foto,nationaliteit) value ("MAXIMEBISET","Maxime Biset","MAXIMEBISET.jpg","BEL");
insert into persoonfunctie (persoonid,functieid) value ("MAXIMEBISET",(select id from functie where naam="Middenvelder"));

	insert into persoonploeg (persoonid,ploegid,jaartal) value ("MAXIMEBISET","KVM","2009");

insert into persoon (id,naam,foto,nationaliteit) value ("WOUTERBIEBAUW","Wouter Biebauw","WOUTERBIEBAUW.jpg","BEL");
insert into persoonfunctie (persoonid,functieid) value ("WOUTERBIEBAUW",(select id from functie where naam="Doelman"));

	insert into persoonploeg (persoonid,ploegid,jaartal) value ("WOUTERBIEBAUW","KVM","2009");

insert into persoon (id,naam,foto,nationaliteit) value ("ABDALLAHSALIM","Abdallah Khaled Deeb Salim","ABDALLAHKHALEDDEEBSALIM.jpg","JOR");
insert into persoonfunctie (persoonid,functieid) value ("ABDALLAHSALIM",(select id from functie where naam="Middenvelder"));

	insert into persoonploeg (persoonid,ploegid,jaartal) value ("ABDALLAHSALIM","KVM","2009");

insert into persoon (id,naam,foto,nationaliteit) value ("ROMEOVANDESSEL","Romeo Van Dessel","ROMEOVANDESSEL.jpg","BEL");
insert into persoonfunctie (persoonid,functieid) value ("ROMEOVANDESSEL",(select id from functie where naam="Verdediger"));

	insert into persoonploeg (persoonid,ploegid,jaartal) value ("ROMEOVANDESSEL","KVM","2009");

insert into persoon (id,naam,foto,nationaliteit) value ("OLIVIERRENARD","Olivier Renard","OLIVIERRENARD.jpg","BEL");
insert into persoonfunctie (persoonid,functieid) value ("OLIVIERRENARD",(select id from functie where naam="Doelman"));

	insert into persoonploeg (persoonid,ploegid,jaartal) value ("OLIVIERRENARD","KVM","2009");

insert into persoon (id,naam,foto,nationaliteit) value ("ABDUL-GANIYUIDDI","Abdul-Ganiyu Iddi","ABDUL-GANIYUIDDI.jpg","GHA");
insert into persoonfunctie (persoonid,functieid) value ("ABDUL-GANIYUIDDI",(select id from functie where naam="Middenvelder"));

	insert into persoonploeg (persoonid,ploegid,jaartal) value ("ABDUL-GANIYUIDDI","KVM","2009");

insert into persoon (id,naam,foto,nationaliteit) value ("WOUTERVRANCKEN","Wouter Vrancken","WOUTERVRANCKEN.jpg","BEL");
insert into persoonfunctie (persoonid,functieid) value ("WOUTERVRANCKEN",(select id from functie where naam="Middenvelder"));

	insert into persoonploeg (persoonid,ploegid,jaartal) value ("WOUTERVRANCKEN","KVM","2009");

insert into persoon (id,naam,foto,nationaliteit) value ("ANTONIOGHOMSI","Antonio Ghomsi","ANTONIOGHOMSI.jpg","KAM");
insert into persoonfunctie (persoonid,functieid) value ("ANTONIOGHOMSI",(select id from functie where naam="Verdediger"));

	insert into persoonploeg (persoonid,ploegid,jaartal) value ("ANTONIOGHOMSI","KVM","2009");

insert into persoon (id,naam,foto,nationaliteit) value ("TIDIAMBABAKOUROUMA","Tidiam Baba Kourouma","TIDIAMBABAKOUROUMA.jpg","GUI");
insert into persoonfunctie (persoonid,functieid) value ("TIDIAMBABAKOUROUMA",(select id from functie where naam="Middenvelder"));

	insert into persoonploeg (persoonid,ploegid,jaartal) value ("TIDIAMBABAKOUROUMA","KVM","2009");

insert into persoon (id,naam,foto,nationaliteit) value ("SAMMYBOSSUT","Sammy Bossut","SAMMYBOSSUT.jpg","BEL");
insert into persoonfunctie (persoonid,functieid) value ("SAMMYBOSSUT",(select id from functie where naam="Doelman"));

	insert into persoonploeg (persoonid,ploegid,jaartal) value ("SAMMYBOSSUT","ZWA","2009");

insert into persoon (id,naam,foto,nationaliteit) value ("STIJNMINNE","Stijn Minne","STIJNMINNE.jpg","BEL");
insert into persoonfunctie (persoonid,functieid) value ("STIJNMINNE",(select id from functie where naam="Verdediger"));

	insert into persoonploeg (persoonid,ploegid,jaartal) value ("STIJNMINNE","ZWA","2009");

insert into persoon (id,naam,foto,nationaliteit) value ("STEVECOLPAERT","Steve Colpaert","STEVECOLPAERT.jpg","BEL");
insert into persoonfunctie (persoonid,functieid) value ("STEVECOLPAERT",(select id from functie where naam="Verdediger"));

	insert into persoonploeg (persoonid,ploegid,jaartal) value ("STEVECOLPAERT","ZWA","2009");

insert into persoon (id,naam,foto,nationaliteit) value ("BARTVANZUNDERT","Bart Van Zundert","BARTVANZUNDERT.jpg","BEL");
insert into persoonfunctie (persoonid,functieid) value ("BARTVANZUNDERT",(select id from functie where naam="Verdediger"));

	insert into persoonploeg (persoonid,ploegid,jaartal) value ("BARTVANZUNDERT","ZWA","2009");

insert into persoon (id,naam,foto,nationaliteit) value ("LUDWINVANNIEUWENHUYZE","Ludwin Van Nieuwenhuyze ","LUDWINVANNIEUWENHUYZE.jpg","BEL");
insert into persoonfunctie (persoonid,functieid) value ("LUDWINVANNIEUWENHUYZE",(select id from functie where naam="Middenvelder"));

	insert into persoonploeg (persoonid,ploegid,jaartal) value ("LUDWINVANNIEUWENHUYZE","ZWA","2009");

insert into persoon (id,naam,foto,nationaliteit) value ("JÉRÉMYTARAVEL","Jérémy Taravel","JEREMYTARAVEL.jpg","FRA");
insert into persoonfunctie (persoonid,functieid) value ("JÉRÉMYTARAVEL",(select id from functie where naam="Verdediger"));

	insert into persoonploeg (persoonid,ploegid,jaartal) value ("JÉRÉMYTARAVEL","ZWA","2009");

insert into persoon (id,naam,foto,nationaliteit) value ("KEVINROELANDTS","Kevin Roelandts","KEVINROELANDTS.jpg","BEL");
insert into persoonfunctie (persoonid,functieid) value ("KEVINROELANDTS",(select id from functie where naam="Middenvelder"));

	insert into persoonploeg (persoonid,ploegid,jaartal) value ("KEVINROELANDTS","ZWA","2009");

insert into persoon (id,naam,foto,nationaliteit) value ("TEDDYCHEVALIER","Teddy Chevalier","TEDDYCHEVALIER.jpg","FRA");
insert into persoonfunctie (persoonid,functieid) value ("TEDDYCHEVALIER",(select id from functie where naam="Aanvaller"));

	insert into persoonploeg (persoonid,ploegid,jaartal) value ("TEDDYCHEVALIER","ZWA","2009");

insert into persoon (id,naam,foto,nationaliteit) value ("ERNESTNFOR","Ernest Nfor","ERNESTNFOR.jpg","KAM");
insert into persoonfunctie (persoonid,functieid) value ("ERNESTNFOR",(select id from functie where naam="Aanvaller"));

	insert into persoonploeg (persoonid,ploegid,jaartal) value ("ERNESTNFOR","ZWA","2009");

insert into persoon (id,naam,foto,nationaliteit) value ("STIJNMEERT","Stijn Meert","STIJNMEERT.jpg","BEL");
insert into persoonfunctie (persoonid,functieid) value ("STIJNMEERT",(select id from functie where naam="Middenvelder"));

	insert into persoonploeg (persoonid,ploegid,jaartal) value ("STIJNMEERT","ZWA","2009");

insert into persoon (id,naam,foto,nationaliteit) value ("THOMASMATTON","Thomas Matton","THOMASMATTON.jpg","BEL");
insert into persoonfunctie (persoonid,functieid) value ("THOMASMATTON",(select id from functie where naam="Middenvelder"));

	insert into persoonploeg (persoonid,ploegid,jaartal) value ("THOMASMATTON","ZWA","2009");

insert into persoon (id,naam,foto,nationaliteit) value ("CHRISMAKIESE","Chris Makiese","CHRISMAKIESE.jpg","FRA");
insert into persoonfunctie (persoonid,functieid) value ("CHRISMAKIESE",(select id from functie where naam="Aanvaller"));

	insert into persoonploeg (persoonid,ploegid,jaartal) value ("CHRISMAKIESE","ZWA","2009");

insert into persoon (id,naam,foto,nationaliteit) value ("MIGUELDACHELET","Miguel Dachelet","MIGUELDACHELET.jpg","BEL");
insert into persoonfunctie (persoonid,functieid) value ("MIGUELDACHELET",(select id from functie where naam="Verdediger"));

	insert into persoonploeg (persoonid,ploegid,jaartal) value ("MIGUELDACHELET","ZWA","2009");

insert into persoon (id,naam,foto,nationaliteit) value ("FRANCKBERRIER","Franck Berrier","FRANCKBERRIER.jpg","FRA");
insert into persoonfunctie (persoonid,functieid) value ("FRANCKBERRIER",(select id from functie where naam="Middenvelder"));

	insert into persoonploeg (persoonid,ploegid,jaartal) value ("FRANCKBERRIER","ZWA","2009");

insert into persoon (id,naam,foto,nationaliteit) value ("STEFFENERNEMANN","Steffen Ernemann","STEFFENERNEMANN.jpg","DEE");
insert into persoonfunctie (persoonid,functieid) value ("STEFFENERNEMANN",(select id from functie where naam="Middenvelder"));

	insert into persoonploeg (persoonid,ploegid,jaartal) value ("STEFFENERNEMANN","ZWA","2009");

insert into persoon (id,naam,foto,nationaliteit) value ("KHALEEMHYLAND","Khaleem Hyland","KHALEEMHYLAND.jpg","TRI");
insert into persoonfunctie (persoonid,functieid) value ("KHALEEMHYLAND",(select id from functie where naam="Middenvelder"));

	insert into persoonploeg (persoonid,ploegid,jaartal) value ("KHALEEMHYLAND","ZWA","2009");

insert into persoon (id,naam,foto,nationaliteit) value ("BADISLEBBIHI","Badis Lebbihi","BADISLEBBIHI.jpg","FRA");
insert into persoonfunctie (persoonid,functieid) value ("BADISLEBBIHI",(select id from functie where naam="Verdediger"));

	insert into persoonploeg (persoonid,ploegid,jaartal) value ("BADISLEBBIHI","ZWA","2009");

insert into persoon (id,naam,foto,nationaliteit) value ("BARTBUYSSE","Bart Buysse","BARTBUYSSE.jpg","BEL");
insert into persoonfunctie (persoonid,functieid) value ("BARTBUYSSE",(select id from functie where naam="Verdediger"));

	insert into persoonploeg (persoonid,ploegid,jaartal) value ("BARTBUYSSE","ZWA","2009");

insert into persoon (id,naam,foto,nationaliteit) value ("KARELDHAENE","Karel D'Haene","KARELDHAENE.jpg","BEL");
insert into persoonfunctie (persoonid,functieid) value ("KARELDHAENE",(select id from functie where naam="Verdediger"));

	insert into persoonploeg (persoonid,ploegid,jaartal) value ("KARELDHAENE","ZWA","2009");

insert into persoon (id,naam,foto,nationaliteit) value ("EETUMUINONEN","Eetu Muinonen","EETUMUINONEN.jpg","FIN");
insert into persoonfunctie (persoonid,functieid) value ("EETUMUINONEN",(select id from functie where naam="Middenvelder"));

	insert into persoonploeg (persoonid,ploegid,jaartal) value ("EETUMUINONEN","ZWA","2009");

insert into persoon (id,naam,foto,nationaliteit) value ("KEVINGOEMAN","Kevin Goeman","KEVINGOEMAN.jpg","BEL");
insert into persoonfunctie (persoonid,functieid) value ("KEVINGOEMAN",(select id from functie where naam="Doelman"));

	insert into persoonploeg (persoonid,ploegid,jaartal) value ("KEVINGOEMAN","ZWA","2009");

insert into persoon (id,naam,foto,nationaliteit) value ("BERATSADIK","Berat Sadik","BERATSADIK.jpg","FIN");
insert into persoonfunctie (persoonid,functieid) value ("BERATSADIK",(select id from functie where naam="Aanvaller"));

	insert into persoonploeg (persoonid,ploegid,jaartal) value ("BERATSADIK","ZWA","2009");

insert into persoon (id,naam,foto,nationaliteit) value ("ERICYOPA","Eric Yopa","ERICYOPA.jpg","KAM");
insert into persoonfunctie (persoonid,functieid) value ("ERICYOPA",(select id from functie where naam="Aanvaller"));

	insert into persoonploeg (persoonid,ploegid,jaartal) value ("ERICYOPA","ZWA","2009");

insert into persoon (id,naam,foto,nationaliteit) value ("JARGOWAEGHE","Jargo Waeghe","JARGOWAIGHE.jpg","BEL");
insert into persoonfunctie (persoonid,functieid) value ("JARGOWAEGHE",(select id from functie where naam="Aanvaller"));

	insert into persoonploeg (persoonid,ploegid,jaartal) value ("JARGOWAEGHE","ZWA","2009");

insert into persoon (id,naam,foto,nationaliteit) value ("YVESDEWINTER","Yves De Winter","YVESDEWINTERjpg","BEL");
insert into persoonfunctie (persoonid,functieid) value ("YVESDEWINTER",(select id from functie where naam="Doelman"));

	insert into persoonploeg (persoonid,ploegid,jaartal) value ("YVESDEWINTER","WES","2009");

insert into persoon (id,naam,foto,nationaliteit) value ("STEVENDEPETTER","Steven De Petter","STEVENDEPETTERjpg","BEL");
insert into persoonfunctie (persoonid,functieid) value ("STEVENDEPETTER",(select id from functie where naam="Middenvelder"));

	insert into persoonploeg (persoonid,ploegid,jaartal) value ("STEVENDEPETTER","WES","2009");

insert into persoon (id,naam,foto,nationaliteit) value ("WOUTERCORSTJENS","Wouter Corstjens","WOUTERCORSTJENSjpg","BEL");
insert into persoonfunctie (persoonid,functieid) value ("WOUTERCORSTJENS",(select id from functie where naam="Verdediger"));

	insert into persoonploeg (persoonid,ploegid,jaartal) value ("WOUTERCORSTJENS","WES","2009");

insert into persoon (id,naam,foto,nationaliteit) value ("WOUTERSCHEELEN","Wouter Scheelen","WOUTERSCHEELENjpg","BEL");
insert into persoonfunctie (persoonid,functieid) value ("WOUTERSCHEELEN",(select id from functie where naam="Middenvelder"));

	insert into persoonploeg (persoonid,ploegid,jaartal) value ("WOUTERSCHEELEN","WES","2009");

insert into persoon (id,naam,foto,nationaliteit) value ("ODITAOBIORA","Obiora Odita","OBIORAODITAjpg","NIG");
insert into persoonfunctie (persoonid,functieid) value ("ODITAOBIORA",(select id from functie where naam="Aanvaller"));

	insert into persoonploeg (persoonid,ploegid,jaartal) value ("ODITAOBIORA","WES","2009");

insert into persoon (id,naam,foto,nationaliteit) value ("DIETERDEKELVER","Dieter Dekelver","DIETERDEKELVERjpg","BEL");
insert into persoonfunctie (persoonid,functieid) value ("DIETERDEKELVER",(select id from functie where naam="Aanvaller"));

	insert into persoonploeg (persoonid,ploegid,jaartal) value ("DIETERDEKELVER","WES","2009");

insert into persoon (id,naam,foto,nationaliteit) value ("LUKASZELENKA","Lukas Zelenka","LUKASZELENKAjpg","CSZ");
insert into persoonfunctie (persoonid,functieid) value ("LUKASZELENKA",(select id from functie where naam="Middenvelder"));

	insert into persoonploeg (persoonid,ploegid,jaartal) value ("LUKASZELENKA","WES","2009");

insert into persoon (id,naam,foto,nationaliteit) value ("BERTINTOMOU","Bertin Tomou","BERTINTOMOUjpg","KAM");
insert into persoonfunctie (persoonid,functieid) value ("BERTINTOMOU",(select id from functie where naam="Aanvaller"));

	insert into persoonploeg (persoonid,ploegid,jaartal) value ("BERTINTOMOU","WES","2009");

insert into persoon (id,naam,foto,nationaliteit) value ("EMMANUELSARKI","Emmanuel Sarki","EMMANUELSARKIjpg","NIG");
insert into persoonfunctie (persoonid,functieid) value ("EMMANUELSARKI",(select id from functie where naam="Middenvelder"));

	insert into persoonploeg (persoonid,ploegid,jaartal) value ("EMMANUELSARKI","WES","2009");

insert into persoon (id,naam,foto,nationaliteit) value ("NICOVANKERCKHOVEN","Nico Van Kerckhoven","NICOVANKERCKHOVENjpg","BEL");
insert into persoonfunctie (persoonid,functieid) value ("NICOVANKERCKHOVEN",(select id from functie where naam="Verdediger"));

	insert into persoonploeg (persoonid,ploegid,jaartal) value ("NICOVANKERCKHOVEN","WES","2009");

insert into persoon (id,naam,foto,nationaliteit) value ("GLENNVANASTEN","Glenn Van Asten","GLENNVANASTENjpg","BEL");
insert into persoonfunctie (persoonid,functieid) value ("GLENNVANASTEN",(select id from functie where naam="Middenvelder"));

	insert into persoonploeg (persoonid,ploegid,jaartal) value ("GLENNVANASTEN","WES","2009");

insert into persoon (id,naam,foto,nationaliteit) value ("MICHAELMODUBI","Michael Modubi","MICHAELMODUBIjpg","ZAF");
insert into persoonfunctie (persoonid,functieid) value ("MICHAELMODUBI",(select id from functie where naam="Middenvelder"));

	insert into persoonploeg (persoonid,ploegid,jaartal) value ("MICHAELMODUBI","WES","2009");

insert into persoon (id,naam,foto,nationaliteit) value ("EMRESAHIN","Emre Sahin","EMRESAHINjpg","BEL");
insert into persoonfunctie (persoonid,functieid) value ("EMRESAHIN",(select id from functie where naam="Middenvelder"));

	insert into persoonploeg (persoonid,ploegid,jaartal) value ("EMRESAHIN","WES","2009");

insert into persoon (id,naam,foto,nationaliteit) value ("JORISVANHOUT","Joris Van Hout","JORISVANHOUTjpg","BEL");
insert into persoonfunctie (persoonid,functieid) value ("JORISVANHOUT",(select id from functie where naam="Aanvaller"));

	insert into persoonploeg (persoonid,ploegid,jaartal) value ("JORISVANHOUT","WES","2009");

insert into persoon (id,naam,foto,nationaliteit) value ("JOHANSOTIL","Johan Sotil","JOHANSOTILjpg","PER");
insert into persoonfunctie (persoonid,functieid) value ("JOHANSOTIL",(select id from functie where naam="Aanvaller"));

	insert into persoonploeg (persoonid,ploegid,jaartal) value ("JOHANSOTIL","WES","2009");

insert into persoon (id,naam,foto,nationaliteit) value ("JEFDELEN","Jef Delen ","JEFDELENjpg","BEL");
insert into persoonfunctie (persoonid,functieid) value ("JEFDELEN",(select id from functie where naam="Middenvelder"));

	insert into persoonploeg (persoonid,ploegid,jaartal) value ("JEFDELEN","WES","2009");

insert into persoon (id,naam,foto,nationaliteit) value ("JAIMERUIZ","Jaime Alfonso Ruiz","JAIMEALFONSORUIZjpg","COL");
insert into persoonfunctie (persoonid,functieid) value ("JAIMERUIZ",(select id from functie where naam="Aanvaller"));

	insert into persoonploeg (persoonid,ploegid,jaartal) value ("JAIMERUIZ","WES","2009");

insert into persoon (id,naam,foto,nationaliteit) value ("MOSESADAMS","Moses Adams","MOSESADAMSjpg","NIG");
insert into persoonfunctie (persoonid,functieid) value ("MOSESADAMS",(select id from functie where naam="Verdediger"));

	insert into persoonploeg (persoonid,ploegid,jaartal) value ("MOSESADAMS","WES","2009");

insert into persoon (id,naam,foto,nationaliteit) value ("RACHIDFARSSI","Rachid Farssi","RACHIDFARSSIjpg","BEL");
insert into persoonfunctie (persoonid,functieid) value ("RACHIDFARSSI",(select id from functie where naam="Middenvelder"));

	insert into persoonploeg (persoonid,ploegid,jaartal) value ("RACHIDFARSSI","WES","2009");

insert into persoon (id,naam,foto,nationaliteit) value ("JOCHRISTIAENS","Jo Christiaens","JOCHRISTIAENSjpg","BEL");
insert into persoonfunctie (persoonid,functieid) value ("JOCHRISTIAENS",(select id from functie where naam="Verdediger"));

	insert into persoonploeg (persoonid,ploegid,jaartal) value ("JOCHRISTIAENS","WES","2009");

insert into persoon (id,naam,foto,nationaliteit) value ("JARNOMOLENBERGHS","Jarno Molenberghs","JARNOMOLENBERGHSjpg","BEL");
insert into persoonfunctie (persoonid,functieid) value ("JARNOMOLENBERGHS",(select id from functie where naam="Middenvelder"));

	insert into persoonploeg (persoonid,ploegid,jaartal) value ("JARNOMOLENBERGHS","WES","2009");

insert into persoon (id,naam,foto,nationaliteit) value ("LENSANNAB","Lens Annab","LENSANNABjpg","BEL");
insert into persoonfunctie (persoonid,functieid) value ("LENSANNAB",(select id from functie where naam="Middenvelder"));

	insert into persoonploeg (persoonid,ploegid,jaartal) value ("LENSANNAB","WES","2009");

insert into persoon (id,naam,foto,nationaliteit) value ("MOMODOUCEESAY","Momodou Ceesay","MOMODOUCEESAYjpg","GAM");
insert into persoonfunctie (persoonid,functieid) value ("MOMODOUCEESAY",(select id from functie where naam="Aanvaller"));

	insert into persoonploeg (persoonid,ploegid,jaartal) value ("MOMODOUCEESAY","WES","2009");

insert into persoon (id,naam,foto,nationaliteit) value ("SOUFIANEBIDAOUI","Soufiane Bidaoui","SOUFIANEBIDAOUIjpg","MAR");
insert into persoonfunctie (persoonid,functieid) value ("SOUFIANEBIDAOUI",(select id from functie where naam="Aanvaller"));

	insert into persoonploeg (persoonid,ploegid,jaartal) value ("SOUFIANEBIDAOUI","WES","2009");

insert into persoon (id,naam,foto,nationaliteit) value ("YANNICKDEWINTER","Yannick De Winter","YANNICKDEWINTERjpg","BEL");
insert into persoonfunctie (persoonid,functieid) value ("YANNICKDEWINTER",(select id from functie where naam="Doelman"));

	insert into persoonploeg (persoonid,ploegid,jaartal) value ("YANNICKDEWINTER","WES","2009");

insert into persoon (id,naam,foto,nationaliteit) value ("BARTDEELKENS","Bart Deelkens","BARTDEELKENSjpg","BEL");
insert into persoonfunctie (persoonid,functieid) value ("BARTDEELKENS",(select id from functie where naam="Doelman"));

	insert into persoonploeg (persoonid,ploegid,jaartal) value ("BARTDEELKENS","WES","2009");

insert into persoon (id,naam,foto,nationaliteit) value ("GUNTHERVANAUDENAERDE","Gunther Vanaudenaerde","GUNTHERVANAUDENAERDEjpg","BEL");
insert into persoonfunctie (persoonid,functieid) value ("GUNTHERVANAUDENAERDE",(select id from functie where naam="Verdediger"));

	insert into persoonploeg (persoonid,ploegid,jaartal) value ("GUNTHERVANAUDENAERDE","WES","2009");

insert into persoon (id,naam,foto,nationaliteit) value ("ADNANMRAVAC","Adnan Mravac","ADNANMRAVAC.jpg","BOS");
insert into persoonfunctie (persoonid,functieid) value ("ADNANMRAVAC",(select id from functie where naam="Verdediger"));

	insert into persoonploeg (persoonid,ploegid,jaartal) value ("ADNANMRAVAC","WES","2009");

insert into persoon (id,naam,foto,nationaliteit) value ("BRAMVERBIST","Bram Verbist","BRAMVERBIST.jpg","BEL");
insert into persoonfunctie (persoonid,functieid) value ("BRAMVERBIST",(select id from functie where naam="Doelman"));

	insert into persoonploeg (persoonid,ploegid,jaartal) value ("BRAMVERBIST","CER","2009");

insert into persoon (id,naam,foto,nationaliteit) value ("JELLEVOSSEN","Jelle Vossen","JELLEVOSSEN.jpg","BEL");
insert into persoonfunctie (persoonid,functieid) value ("JELLEVOSSEN",(select id from functie where naam="Aanvaller"));

	insert into persoonploeg (persoonid,ploegid,jaartal) value ("JELLEVOSSEN","GNK","2009");

	insert into persoonploeg (persoonid,ploegid,jaartal) value ("JELLEVOSSEN","CER","2009");

insert into persoon (id,naam,foto,nationaliteit) value ("RUBINDANTSCHOTTER","Rubin Dantschotter","RUBINDANTSCHOTTER.jpg","BEL");
insert into persoonfunctie (persoonid,functieid) value ("RUBINDANTSCHOTTER",(select id from functie where naam="Doelman"));

	insert into persoonploeg (persoonid,ploegid,jaartal) value ("RUBINDANTSCHOTTER","CER","2009");

insert into persoon (id,naam,foto,nationaliteit) value ("JOCOPPENS","Jo Coppens","JOCOPPENS.jpg","BEL");
insert into persoonfunctie (persoonid,functieid) value ("JOCOPPENS",(select id from functie where naam="Doelman"));

	insert into persoonploeg (persoonid,ploegid,jaartal) value ("JOCOPPENS","CER","2009");

insert into persoon (id,naam,foto,nationaliteit) value ("IGORGJUZELOV","Igor Gjuzelov","IGORGJUZELOV.jpg","MAC");
insert into persoonfunctie (persoonid,functieid) value ("IGORGJUZELOV",(select id from functie where naam="Verdediger"));

	insert into persoonploeg (persoonid,ploegid,jaartal) value ("IGORGJUZELOV","CER","2009");

insert into persoon (id,naam,foto,nationaliteit) value ("ANTHONYPORTIER","Anthony Portier","ANTHONYPORTIER.jpg","BEL");
insert into persoonfunctie (persoonid,functieid) value ("ANTHONYPORTIER",(select id from functie where naam="Verdediger"));

	insert into persoonploeg (persoonid,ploegid,jaartal) value ("ANTHONYPORTIER","CER","2009");

insert into persoon (id,naam,foto,nationaliteit) value ("DENISVIANE","Denis Viane","DENISVIANE.jpg","BEL");
insert into persoonfunctie (persoonid,functieid) value ("DENISVIANE",(select id from functie where naam="Verdediger"));

	insert into persoonploeg (persoonid,ploegid,jaartal) value ("DENISVIANE","CER","2009");

insert into persoon (id,naam,foto,nationaliteit) value ("DEJANKELHAR","Dejan Kelhar","DEJANKELHAR.jpg","SLO");
insert into persoonfunctie (persoonid,functieid) value ("DEJANKELHAR",(select id from functie where naam="Verdediger"));

	insert into persoonploeg (persoonid,ploegid,jaartal) value ("DEJANKELHAR","CER","2009");

insert into persoon (id,naam,foto,nationaliteit) value ("HANSCORNELIS","Hans Cornelis","HANSCORNELIS.jpg","BEL");
insert into persoonfunctie (persoonid,functieid) value ("HANSCORNELIS",(select id from functie where naam="Verdediger"));

	insert into persoonploeg (persoonid,ploegid,jaartal) value ("HANSCORNELIS","GNK","2009");

	insert into persoonploeg (persoonid,ploegid,jaartal) value ("HANSCORNELIS","CER","2009");

insert into persoon (id,naam,foto,nationaliteit) value ("BERNTEVENS","Bernt Evens","BERNTEVENS.jpg","BEL");
insert into persoonfunctie (persoonid,functieid) value ("BERNTEVENS",(select id from functie where naam="Verdediger"));

	insert into persoonploeg (persoonid,ploegid,jaartal) value ("BERNTEVENS","CER","2009");

insert into persoon (id,naam,foto,nationaliteit) value ("SAMDEVINCK","Sam Devinck","SAMDEVINCK.jpg","BEL");
insert into persoonfunctie (persoonid,functieid) value ("SAMDEVINCK",(select id from functie where naam="Verdediger"));

	insert into persoonploeg (persoonid,ploegid,jaartal) value ("SAMDEVINCK","CER","2009");

insert into persoon (id,naam,foto,nationaliteit) value ("FREDERIKBOI","Frederik Boi","FREDERIKBOI.jpg","BEL");
insert into persoonfunctie (persoonid,functieid) value ("FREDERIKBOI",(select id from functie where naam="Middenvelder"));

	insert into persoonploeg (persoonid,ploegid,jaartal) value ("FREDERIKBOI","CER","2009");

insert into persoon (id,naam,foto,nationaliteit) value ("HONOURGOMBAMI","Honour Gombami","HONOURGOMBAMI.jpg","ZIM");
insert into persoonfunctie (persoonid,functieid) value ("HONOURGOMBAMI",(select id from functie where naam="Middenvelder"));

	insert into persoonploeg (persoonid,ploegid,jaartal) value ("HONOURGOMBAMI","CER","2009");

insert into persoon (id,naam,foto,nationaliteit) value ("VUSUMUZINYONI","Vusumuzi Nyoni","VUSUMUZINYONI.jpg","ZIM");
insert into persoonfunctie (persoonid,functieid) value ("VUSUMUZINYONI",(select id from functie where naam="Middenvelder"));

	insert into persoonploeg (persoonid,ploegid,jaartal) value ("VUSUMUZINYONI","CER","2009");

insert into persoon (id,naam,foto,nationaliteit) value ("SERHIJSEREBRENNIKOV","Serhij Serebrennikov","SERHIJSEREBRENNIKOV.jpg","OEK");
insert into persoonfunctie (persoonid,functieid) value ("SERHIJSEREBRENNIKOV",(select id from functie where naam="Middenvelder"));

	insert into persoonploeg (persoonid,ploegid,jaartal) value ("SERHIJSEREBRENNIKOV","CER","2009");

insert into persoon (id,naam,foto,nationaliteit) value ("TONYSERGEANT","Tony Sergeant","TONYSERGEANT.jpg","BEL");
insert into persoonfunctie (persoonid,functieid) value ("TONYSERGEANT",(select id from functie where naam="Middenvelder"));

	insert into persoonploeg (persoonid,ploegid,jaartal) value ("TONYSERGEANT","CER","2009");

insert into persoon (id,naam,foto,nationaliteit) value ("JONASBUYSE","Jonas Buyse","JONASBUYSE.jpg","BEL");
insert into persoonfunctie (persoonid,functieid) value ("JONASBUYSE",(select id from functie where naam="Middenvelder"));

	insert into persoonploeg (persoonid,ploegid,jaartal) value ("JONASBUYSE","CER","2009");

insert into persoon (id,naam,foto,nationaliteit) value ("LUKASVANEENOO","Lukas Van Eenoo","LUKASVANEENOO.jpg","BEL");
insert into persoonfunctie (persoonid,functieid) value ("LUKASVANEENOO",(select id from functie where naam="Middenvelder"));

	insert into persoonploeg (persoonid,ploegid,jaartal) value ("LUKASVANEENOO","CER","2009");

insert into persoon (id,naam,foto,nationaliteit) value ("ARNARVIDARSSON","Arnar Vidarsson","ARNARVIDARSSON.jpg","IJS");
insert into persoonfunctie (persoonid,functieid) value ("ARNARVIDARSSON",(select id from functie where naam="Middenvelder"));

	insert into persoonploeg (persoonid,ploegid,jaartal) value ("ARNARVIDARSSON","CER","2009");

insert into persoon (id,naam,foto,nationaliteit) value ("THOMASBUFFEL","Thomas Buffel","THOMASBUFFEL.jpg","BEL");
insert into persoonfunctie (persoonid,functieid) value ("THOMASBUFFEL",(select id from functie where naam="Middenvelder"));

	insert into persoonploeg (persoonid,ploegid,jaartal) value ("THOMASBUFFEL","CER","2009");

	insert into persoonploeg (persoonid,ploegid,jaartal) value ("THOMASBUFFEL","GNK","2009");

insert into persoon (id,naam,foto,nationaliteit) value ("OLEGIACHTCHOUK","Oleg Iachtchouk","OLEGIACHTCHOUK.jpg","OEK");
insert into persoonfunctie (persoonid,functieid) value ("OLEGIACHTCHOUK",(select id from functie where naam="Aanvaller"));

	insert into persoonploeg (persoonid,ploegid,jaartal) value ("OLEGIACHTCHOUK","CER","2009");

insert into persoon (id,naam,foto,nationaliteit) value ("DOMINICFOLEY","Dominic Foley","DOMINICFOLEY.jpg","IER");
insert into persoonfunctie (persoonid,functieid) value ("DOMINICFOLEY",(select id from functie where naam="Aanvaller"));

	insert into persoonploeg (persoonid,ploegid,jaartal) value ("DOMINICFOLEY","CER","2009");

insert into persoon (id,naam,foto,nationaliteit) value ("WANGYANG","Yang Wang","YANGWANG.jpg","CHI");
insert into persoonfunctie (persoonid,functieid) value ("WANGYANG",(select id from functie where naam="Aanvaller"));

	insert into persoonploeg (persoonid,ploegid,jaartal) value ("WANGYANG","CER","2009");

insert into persoon (id,naam,foto,nationaliteit) value ("BOJANBOZOVIC","Bojan Božovic","BOJANBOZOVIC.jpg","MON");
insert into persoonfunctie (persoonid,functieid) value ("BOJANBOZOVIC",(select id from functie where naam="Aanvaller"));

	insert into persoonploeg (persoonid,ploegid,jaartal) value ("BOJANBOZOVIC","CER","2009");

insert into persoon (id,naam,foto,nationaliteit) value ("OLIVIERCLAESSENS","Olivier Claessens","OLIVIERCLAESSENS.jpg","BEL");
insert into persoonfunctie (persoonid,functieid) value ("OLIVIERCLAESSENS",(select id from functie where naam="Aanvaller"));

	insert into persoonploeg (persoonid,ploegid,jaartal) value ("OLIVIERCLAESSENS","CER","2009");

insert into persoon (id,naam,foto,nationaliteit) value ("DAVINOVERHULST","Davino Verhulst","DAVINOVERHULST.jpg","BEL");
insert into persoonfunctie (persoonid,functieid) value ("DAVINOVERHULST",(select id from functie where naam="Doelman"));

	insert into persoonploeg (persoonid,ploegid,jaartal) value ("DAVINOVERHULST","GNK","2009");

insert into persoon (id,naam,foto,nationaliteit) value ("KOENCASTEELS","Koen Casteels","KOENCASTEELS.jpg","BEL");
insert into persoonfunctie (persoonid,functieid) value ("KOENCASTEELS",(select id from functie where naam="Doelman"));

	insert into persoonploeg (persoonid,ploegid,jaartal) value ("KOENCASTEELS","GNK","2009");

insert into persoon (id,naam,foto,nationaliteit) value ("LASZLOKOTELES","Laszlo Koteles","LASZLOKOTELES.jpg","HON");
insert into persoonfunctie (persoonid,functieid) value ("LASZLOKOTELES",(select id from functie where naam="Doelman"));

	insert into persoonploeg (persoonid,ploegid,jaartal) value ("LASZLOKOTELES","GNK","2009");

insert into persoon (id,naam,foto,nationaliteit) value ("THIBAUTCOURTOIS","Thibaut Courtois","THIBAUTCOURTOIS.jpg","BEL");
insert into persoonfunctie (persoonid,functieid) value ("THIBAUTCOURTOIS",(select id from functie where naam="Doelman"));

	insert into persoonploeg (persoonid,ploegid,jaartal) value ("THIBAUTCOURTOIS","GNK","2009");

insert into persoon (id,naam,foto,nationaliteit) value ("DIMITRIDAESELEIRE","Dimitri Daeseleire","DIMITRIDAESELEIRE.jpg","BEL");
insert into persoonfunctie (persoonid,functieid) value ("DIMITRIDAESELEIRE",(select id from functie where naam="Verdediger"));

	insert into persoonploeg (persoonid,ploegid,jaartal) value ("DIMITRIDAESELEIRE","GNK","2009");

insert into persoon (id,naam,foto,nationaliteit) value ("DAVIDHUBERT","David Hubert","DAVIDHUBERT.jpg","BEL");
insert into persoonfunctie (persoonid,functieid) value ("DAVIDHUBERT",(select id from functie where naam="Verdediger"));

	insert into persoonploeg (persoonid,ploegid,jaartal) value ("DAVIDHUBERT","GNK","2009");

insert into persoon (id,naam,foto,nationaliteit) value ("TORBENJONELEIT","Torben Joneleit","TORBENJONELEIT.jpg","DUI");
insert into persoonfunctie (persoonid,functieid) value ("TORBENJONELEIT",(select id from functie where naam="Verdediger"));

	insert into persoonploeg (persoonid,ploegid,jaartal) value ("TORBENJONELEIT","GNK","2009");

insert into persoon (id,naam,foto,nationaliteit) value ("ERICMATOUKOU","Eric Matoukou","ERICMATOUKOU.jpg","KAM");
insert into persoonfunctie (persoonid,functieid) value ("ERICMATOUKOU",(select id from functie where naam="Verdediger"));

	insert into persoonploeg (persoonid,ploegid,jaartal) value ("ERICMATOUKOU","GNK","2009");

insert into persoon (id,naam,foto,nationaliteit) value ("ANELENGCONGCA","Anele Ngcongca","ANELENGCONGCA.jpg","ZAF");
insert into persoonfunctie (persoonid,functieid) value ("ANELENGCONGCA",(select id from functie where naam="Verdediger"));

	insert into persoonploeg (persoonid,ploegid,jaartal) value ("ANELENGCONGCA","GNK","2009");

insert into persoon (id,naam,foto,nationaliteit) value ("TIMOTHYDURWAEL","Timothy Durwael","TIMOTHYDURWAEL.jpg","BEL");
insert into persoonfunctie (persoonid,functieid) value ("TIMOTHYDURWAEL",(select id from functie where naam="Verdediger"));

	insert into persoonploeg (persoonid,ploegid,jaartal) value ("TIMOTHYDURWAEL","GNK","2009");

insert into persoon (id,naam,foto,nationaliteit) value ("TIAGODASILVADOSSANTOS","Tiago da Silva dos Santos","TIAGODASILVADOSSANTOS.jpg","BRA");
insert into persoonfunctie (persoonid,functieid) value ("TIAGODASILVADOSSANTOS",(select id from functie where naam="Verdediger"));

	insert into persoonploeg (persoonid,ploegid,jaartal) value ("TIAGODASILVADOSSANTOS","GNK","2009");

insert into persoon (id,naam,foto,nationaliteit) value ("JOAOCARLOS","João Carlos Pinto Chaves","JOAOCARLOSPINTOCHAVES.jpg","BRA");
insert into persoonfunctie (persoonid,functieid) value ("JOAOCARLOS",(select id from functie where naam="Verdediger"));

	insert into persoonploeg (persoonid,ploegid,jaartal) value ("JOAOCARLOS","GNK","2009");

insert into persoon (id,naam,foto,nationaliteit) value ("EDERSONTORMENA","Ederson Tormena","EDERSONTORMENA.jpg","BRA");
insert into persoonfunctie (persoonid,functieid) value ("EDERSONTORMENA",(select id from functie where naam="Middenvelder"));

	insert into persoonploeg (persoonid,ploegid,jaartal) value ("EDERSONTORMENA","GNK","2009");

insert into persoon (id,naam,foto,nationaliteit) value ("FABIENCAMUS","Fabien Camus","FABIENCAMUS.jpg","FRA");
insert into persoonfunctie (persoonid,functieid) value ("FABIENCAMUS",(select id from functie where naam="Middenvelder"));

	insert into persoonploeg (persoonid,ploegid,jaartal) value ("FABIENCAMUS","GNK","2009");

insert into persoon (id,naam,foto,nationaliteit) value ("DANIELTOZSER","Dániel Tözsér","DANIELTOZSER.jpg","HON");
insert into persoonfunctie (persoonid,functieid) value ("DANIELTOZSER",(select id from functie where naam="Middenvelder"));

	insert into persoonploeg (persoonid,ploegid,jaartal) value ("DANIELTOZSER","GNK","2009");

insert into persoon (id,naam,foto,nationaliteit) value ("KEVINDEBRUYNE","Kevin De Bruyne","KEVINDEBRUYNE.jpg","BEL");
insert into persoonfunctie (persoonid,functieid) value ("KEVINDEBRUYNE",(select id from functie where naam="Middenvelder"));

	insert into persoonploeg (persoonid,ploegid,jaartal) value ("KEVINDEBRUYNE","GNK","2009");

insert into persoon (id,naam,foto,nationaliteit) value ("BALAZSTOTH","Balazs Toth","BALAZSTOTH.jpg","HON");
insert into persoonfunctie (persoonid,functieid) value ("BALAZSTOTH",(select id from functie where naam="Middenvelder"));

	insert into persoonploeg (persoonid,ploegid,jaartal) value ("BALAZSTOTH","GNK","2009");

insert into persoon (id,naam,foto,nationaliteit) value ("DUGARYNDABASHINZE","Dugary Ndabashinze","DUGARYNDABASHINZE.jpg","BUR");
insert into persoonfunctie (persoonid,functieid) value ("DUGARYNDABASHINZE",(select id from functie where naam="Middenvelder"));

	insert into persoonploeg (persoonid,ploegid,jaartal) value ("DUGARYNDABASHINZE","GNK","2009");

insert into persoon (id,naam,foto,nationaliteit) value ("DANIELPUDIL","Daniel Pudil","DANIELPUDIL.jpg","CSZ");
insert into persoonfunctie (persoonid,functieid) value ("DANIELPUDIL",(select id from functie where naam="Middenvelder"));

	insert into persoonploeg (persoonid,ploegid,jaartal) value ("DANIELPUDIL","GNK","2009");

insert into persoon (id,naam,foto,nationaliteit) value ("MOUSSAKOITA","Moussa Koita","MOUSSAKOITA.jpg","FRA");
insert into persoonfunctie (persoonid,functieid) value ("MOUSSAKOITA",(select id from functie where naam="Aanvaller"));

	insert into persoonploeg (persoonid,ploegid,jaartal) value ("MOUSSAKOITA","GNK","2009");

insert into persoon (id,naam,foto,nationaliteit) value ("ELYANIVBARDA","Elyaniv Barda","ELYANIVBARDA.jpg","ISR");
insert into persoonfunctie (persoonid,functieid) value ("ELYANIVBARDA",(select id from functie where naam="Aanvaller"));

	insert into persoonploeg (persoonid,ploegid,jaartal) value ("ELYANIVBARDA","GNK","2009");

insert into persoon (id,naam,foto,nationaliteit) value ("ISTVANBAKX","Istvan Bakx","ISTVANBAKX.jpg","NED");
insert into persoonfunctie (persoonid,functieid) value ("ISTVANBAKX",(select id from functie where naam="Aanvaller"));

	insert into persoonploeg (persoonid,ploegid,jaartal) value ("ISTVANBAKX","GNK","2009");

insert into persoon (id,naam,foto,nationaliteit) value ("STEINHUYSEGEMS","Stein Huysegems","STEINHUYSEGEMS.jpg","BEL");
insert into persoonfunctie (persoonid,functieid) value ("STEINHUYSEGEMS",(select id from functie where naam="Aanvaller"));

	insert into persoonploeg (persoonid,ploegid,jaartal) value ("STEINHUYSEGEMS","GNK","2009");

insert into persoon (id,naam,foto,nationaliteit) value ("MARVINOGUNJIMI","Marvin Ogunjimi","MARVINOGUNJIMI.jpg","BEL");
insert into persoonfunctie (persoonid,functieid) value ("MARVINOGUNJIMI",(select id from functie where naam="Aanvaller"));

	insert into persoonploeg (persoonid,ploegid,jaartal) value ("MARVINOGUNJIMI","GNK","2009");

insert into persoon (id,naam,foto,nationaliteit) value ("TOMISLAVPACOVSKI","Tomislav Pacovski","TOMISLAVPACOVSKI.jpg","MAC");
insert into persoonfunctie (persoonid,functieid) value ("TOMISLAVPACOVSKI",(select id from functie where naam="Doelman"));

	insert into persoonploeg (persoonid,ploegid,jaartal) value ("TOMISLAVPACOVSKI","GBA","2009");

insert into persoon (id,naam,foto,nationaliteit) value ("KRISTOFMAES","Kristof Maes","KRISTOFMAES.jpg","BEL");
insert into persoonfunctie (persoonid,functieid) value ("KRISTOFMAES",(select id from functie where naam="Doelman"));

	insert into persoonploeg (persoonid,ploegid,jaartal) value ("KRISTOFMAES","GBA","2009");

insert into persoon (id,naam,foto,nationaliteit) value ("THOMASKAMINSKI","Thomas Kaminski","THOMASKAMINSKI.jpg","BEL");
insert into persoonfunctie (persoonid,functieid) value ("THOMASKAMINSKI",(select id from functie where naam="Doelman"));

	insert into persoonploeg (persoonid,ploegid,jaartal) value ("THOMASKAMINSKI","GBA","2009");

insert into persoon (id,naam,foto,nationaliteit) value ("MAXIMGEURDEN","Maxim Geurden","MAXIMGEURDEN.jpg","BEL");
insert into persoonfunctie (persoonid,functieid) value ("MAXIMGEURDEN",(select id from functie where naam="Verdediger"));

	insert into persoonploeg (persoonid,ploegid,jaartal) value ("MAXIMGEURDEN","GBA","2009");

insert into persoon (id,naam,foto,nationaliteit) value ("KURTVANDOOREN","Kurt Van Dooren ","KURTVANDOOREN.jpg","BEL");
insert into persoonfunctie (persoonid,functieid) value ("KURTVANDOOREN",(select id from functie where naam="Verdediger"));

	insert into persoonploeg (persoonid,ploegid,jaartal) value ("KURTVANDOOREN","GBA","2009");

insert into persoon (id,naam,foto,nationaliteit) value ("PIETERJANMONTEYNE","Pieterjan Monteyne","PIETERJANMONTEYNE.jpg","BEL");
insert into persoonfunctie (persoonid,functieid) value ("PIETERJANMONTEYNE",(select id from functie where naam="Verdediger"));

	insert into persoonploeg (persoonid,ploegid,jaartal) value ("PIETERJANMONTEYNE","GBA","2009");

insert into persoon (id,naam,foto,nationaliteit) value ("PHILIPPECLEMENT","Philippe Clement","PHILIPPECLEMENT.jpg","BEL");
insert into persoonfunctie (persoonid,functieid) value ("PHILIPPECLEMENT",(select id from functie where naam="Verdediger"));

	insert into persoonploeg (persoonid,ploegid,jaartal) value ("PHILIPPECLEMENT","GBA","2009");

insert into persoon (id,naam,foto,nationaliteit) value ("MARTIJNMONTEYNE","Martijn Monteyne","MARTIJNMONTEYNE.jpg","BEL");
insert into persoonfunctie (persoonid,functieid) value ("MARTIJNMONTEYNE",(select id from functie where naam="Verdediger"));

	insert into persoonploeg (persoonid,ploegid,jaartal) value ("MARTIJNMONTEYNE","GBA","2009");

insert into persoon (id,naam,foto,nationaliteit) value ("MARKDEMAN","Mark De Man","MARKDEMAN.jpg","BEL");
insert into persoonfunctie (persoonid,functieid) value ("MARKDEMAN",(select id from functie where naam="Verdediger"));

	insert into persoonploeg (persoonid,ploegid,jaartal) value ("MARKDEMAN","GBA","2009");

insert into persoon (id,naam,foto,nationaliteit) value ("WIMDEDECKER","Wim De Decker","WIMDEDECKER.jpg","BEL");
insert into persoonfunctie (persoonid,functieid) value ("WIMDEDECKER",(select id from functie where naam="Middenvelder"));

	insert into persoonploeg (persoonid,ploegid,jaartal) value ("WIMDEDECKER","GBA","2009");

insert into persoon (id,naam,foto,nationaliteit) value ("FARISHAROUN","Faris Haroun","FARISHAROUN.jpg","BEL");
insert into persoonfunctie (persoonid,functieid) value ("FARISHAROUN",(select id from functie where naam="Middenvelder"));

	insert into persoonploeg (persoonid,ploegid,jaartal) value ("FARISHAROUN","GBA","2009");

insert into persoon (id,naam,foto,nationaliteit) value ("DANIELCRUZ","Daniel Cruz","DANIELCRUZ.jpg","COL");
insert into persoonfunctie (persoonid,functieid) value ("DANIELCRUZ",(select id from functie where naam="Middenvelder"));

	insert into persoonploeg (persoonid,ploegid,jaartal) value ("DANIELCRUZ","GBA","2009");

insert into persoon (id,naam,foto,nationaliteit) value ("VICTORWANYAMA","Victor Wanyama","VICTORWANYAMA.jpg","KEN");
insert into persoonfunctie (persoonid,functieid) value ("VICTORWANYAMA",(select id from functie where naam="Middenvelder"));

	insert into persoonploeg (persoonid,ploegid,jaartal) value ("VICTORWANYAMA","GBA","2009");

insert into persoon (id,naam,foto,nationaliteit) value ("KINGGYANOSEI","King Gyan Osei","KINGGYANOSEI.jpg","GHA");
insert into persoonfunctie (persoonid,functieid) value ("KINGGYANOSEI",(select id from functie where naam="Middenvelder"));

	insert into persoonploeg (persoonid,ploegid,jaartal) value ("KINGGYANOSEI","GBA","2009");

insert into persoon (id,naam,foto,nationaliteit) value ("ROYMAURO","Roy Mauro","ROYMAURO.jpg","BEL");
insert into persoonfunctie (persoonid,functieid) value ("ROYMAURO",(select id from functie where naam="Middenvelder"));

	insert into persoonploeg (persoonid,ploegid,jaartal) value ("ROYMAURO","GBA","2009");

insert into persoon (id,naam,foto,nationaliteit) value ("NADJIMHAROUN","Nadjim Haroun","NADJIMHAROUN.jpg","BEL");
insert into persoonfunctie (persoonid,functieid) value ("NADJIMHAROUN",(select id from functie where naam="Middenvelder"));

	insert into persoonploeg (persoonid,ploegid,jaartal) value ("NADJIMHAROUN","GBA","2009");

insert into persoon (id,naam,foto,nationaliteit) value ("JUSTICEWAMFOR","Justice Wamfor","JUSTICEWAMFOR.jpg","KAM");
insert into persoonfunctie (persoonid,functieid) value ("JUSTICEWAMFOR",(select id from functie where naam="Middenvelder"));

	insert into persoonploeg (persoonid,ploegid,jaartal) value ("JUSTICEWAMFOR","GBA","2009");

insert into persoon (id,naam,foto,nationaliteit) value ("BARTGOOR","Bart Goor","BARTGOOR.jpg","BEL");
insert into persoonfunctie (persoonid,functieid) value ("BARTGOOR",(select id from functie where naam="Middenvelder"));

	insert into persoonploeg (persoonid,ploegid,jaartal) value ("BARTGOOR","GBA","2009");

insert into persoon (id,naam,foto,nationaliteit) value ("IVANLEKO","Ivan Leko","IVANLEKO.jpg","Kro");
insert into persoonfunctie (persoonid,functieid) value ("IVANLEKO",(select id from functie where naam="Middenvelder"));

	insert into persoonploeg (persoonid,ploegid,jaartal) value ("IVANLEKO","GBA","2009");

insert into persoon (id,naam,foto,nationaliteit) value ("MATSRITS","Mats Rits","MATSRITS.jpg","BEl");
insert into persoonfunctie (persoonid,functieid) value ("MATSRITS",(select id from functie where naam="Middenvelder"));

	insert into persoonploeg (persoonid,ploegid,jaartal) value ("MATSRITS","GBA","2009");

insert into persoon (id,naam,foto,nationaliteit) value ("SHERJILLMACDONALD","Sherjill MacDonald","SHERJILLMACDONALD.jpg","NED");
insert into persoonfunctie (persoonid,functieid) value ("SHERJILLMACDONALD",(select id from functie where naam="Aanvaller"));

	insert into persoonploeg (persoonid,ploegid,jaartal) value ("SHERJILLMACDONALD","GBA","2009");

insert into persoon (id,naam,foto,nationaliteit) value ("TOSINDOSUMNU","Tosin Dosumnu","TOSINDOSUMNU.jpg","NIG");
insert into persoonfunctie (persoonid,functieid) value ("TOSINDOSUMNU",(select id from functie where naam="Aanvaller"));

	insert into persoonploeg (persoonid,ploegid,jaartal) value ("TOSINDOSUMNU","GBA","2009");

insert into persoon (id,naam,foto,nationaliteit) value ("PAULKPAKA","Paul Kpaka","PAULKPAKA.jpg","SIE");
insert into persoonfunctie (persoonid,functieid) value ("PAULKPAKA",(select id from functie where naam="Aanvaller"));

	insert into persoonploeg (persoonid,ploegid,jaartal) value ("PAULKPAKA","GBA","2009");

insert into persoon (id,naam,foto,nationaliteit) value ("BAVONTSHIBUABUA","Bavon Tshibuabua","BAVONTSHIBUABUA.jpg","CON");
insert into persoonfunctie (persoonid,functieid) value ("BAVONTSHIBUABUA",(select id from functie where naam="Aanvaller"));

	insert into persoonploeg (persoonid,ploegid,jaartal) value ("BAVONTSHIBUABUA","GBA","2009");

insert into persoon (id,naam,foto,nationaliteit) value ("MATHIEUCORNET","Mathieu Cornet","MATHIEUCORNET.jpg","BEL");
insert into persoonfunctie (persoonid,functieid) value ("MATHIEUCORNET",(select id from functie where naam="Aanvaller"));

	insert into persoonploeg (persoonid,ploegid,jaartal) value ("MATHIEUCORNET","GBA","2009");

insert into persoon (id,naam,foto,nationaliteit) value ("KINGSLEYUDOH","Kingsley Udoh","KINGSLEYUDOH.jpg","NIG");
insert into persoonfunctie (persoonid,functieid) value ("KINGSLEYUDOH",(select id from functie where naam="Verdediger"));

	insert into persoonploeg (persoonid,ploegid,jaartal) value ("KINGSLEYUDOH","KOR","2009");

insert into persoon (id,naam,foto,nationaliteit) value ("LORISREINA","Loris Reina","LORISREINA.jpg","FRA");
insert into persoonfunctie (persoonid,functieid) value ("LORISREINA",(select id from functie where naam="Verdediger"));

	insert into persoonploeg (persoonid,ploegid,jaartal) value ("LORISREINA","KOR","2009");

insert into persoon (id,naam,foto,nationaliteit) value ("MLADENLAZAREVIC","Mladen Lazarevic","MLADENLAZAREVIC.jpg","SER");
insert into persoonfunctie (persoonid,functieid) value ("MLADENLAZAREVIC",(select id from functie where naam="Verdediger"));

	insert into persoonploeg (persoonid,ploegid,jaartal) value ("MLADENLAZAREVIC","KOR","2009");

insert into persoon (id,naam,foto,nationaliteit) value ("KARIMBELHOCINE","Karim Belhocine","KARIMBELHOCINE.jpg","FRA");
insert into persoonfunctie (persoonid,functieid) value ("KARIMBELHOCINE",(select id from functie where naam="Middenvelder"));

	insert into persoonploeg (persoonid,ploegid,jaartal) value ("KARIMBELHOCINE","KOR","2009");

insert into persoon (id,naam,foto,nationaliteit) value ("JIMMYHEMPTE","Jimmy Hempte","JIMMYHEMPTE.jpg","BEL");
insert into persoonfunctie (persoonid,functieid) value ("JIMMYHEMPTE",(select id from functie where naam="Verdediger"));

	insert into persoonploeg (persoonid,ploegid,jaartal) value ("JIMMYHEMPTE","KOR","2009");

insert into persoon (id,naam,foto,nationaliteit) value ("LEONBENKO","Leon Benko","LEONBENKO.jpg","KRO");
insert into persoonfunctie (persoonid,functieid) value ("LEONBENKO",(select id from functie where naam="Aanvaller"));

	insert into persoonploeg (persoonid,ploegid,jaartal) value ("LEONBENKO","KOR","2009");

insert into persoon (id,naam,foto,nationaliteit) value ("NEBOJSAPAVLOVIC","Nebojša Pavlovic","NEBOJSAPAVLOVIC.jpg","SER");
insert into persoonfunctie (persoonid,functieid) value ("NEBOJSAPAVLOVIC",(select id from functie where naam="Verdediger"));

	insert into persoonploeg (persoonid,ploegid,jaartal) value ("NEBOJSAPAVLOVIC","KOR","2009");

insert into persoon (id,naam,foto,nationaliteit) value ("WILLIAMXAVIERBARBOSA","William Xavier Barbosa","WILLIAMXAVIERBARBOSA.jpg","BRA");
insert into persoonfunctie (persoonid,functieid) value ("WILLIAMXAVIERBARBOSA",(select id from functie where naam="Aanvaller"));

	insert into persoonploeg (persoonid,ploegid,jaartal) value ("WILLIAMXAVIERBARBOSA","KOR","2009");

insert into persoon (id,naam,foto,nationaliteit) value ("SVENKUMS","Sven Kums","SVENKUMS.jpg","BEL");
insert into persoonfunctie (persoonid,functieid) value ("SVENKUMS",(select id from functie where naam="Middenvelder"));

	insert into persoonploeg (persoonid,ploegid,jaartal) value ("SVENKUMS","KOR","2009");

insert into persoon (id,naam,foto,nationaliteit) value ("TOMSOETAERS","Tom Soetaers","TOMSOETAERS.jpg","BEL");
insert into persoonfunctie (persoonid,functieid) value ("TOMSOETAERS",(select id from functie where naam="Aanvaller"));

	insert into persoonploeg (persoonid,ploegid,jaartal) value ("TOMSOETAERS","KOR","2009");

insert into persoon (id,naam,foto,nationaliteit) value ("EBRAHIMIBOU","Ebrahima Sawaneh","EBRAHIMASAWANEH.jpg","GAM");
insert into persoonfunctie (persoonid,functieid) value ("EBRAHIMIBOU",(select id from functie where naam="Aanvaller"));

	insert into persoonploeg (persoonid,ploegid,jaartal) value ("EBRAHIMIBOU","KOR","2009");

insert into persoon (id,naam,foto,nationaliteit) value ("GLENNVERBAUWHEDE","Glenn Verbauwhede","GLENNVERBAUWHEDE.jpg","BEL");
insert into persoonfunctie (persoonid,functieid) value ("GLENNVERBAUWHEDE",(select id from functie where naam="Doelman"));

	insert into persoonploeg (persoonid,ploegid,jaartal) value ("GLENNVERBAUWHEDE","KOR","2009");

insert into persoon (id,naam,foto,nationaliteit) value ("BRAMDELY","Bram De Ly","BRAMDELY.jpg","BEL");
insert into persoonfunctie (persoonid,functieid) value ("BRAMDELY",(select id from functie where naam="Verdediger"));

	insert into persoonploeg (persoonid,ploegid,jaartal) value ("BRAMDELY","KOR","2009");

insert into persoon (id,naam,foto,nationaliteit) value ("BRECHTVERBRUGGHE","Brecht Verbrugghe","BRECHTVERBRUGGHE.jpg","BEL");
insert into persoonfunctie (persoonid,functieid) value ("BRECHTVERBRUGGHE",(select id from functie where naam="Verdediger"));

	insert into persoonploeg (persoonid,ploegid,jaartal) value ("BRECHTVERBRUGGHE","KOR","2009");

insert into persoon (id,naam,foto,nationaliteit) value ("BRECHTCAPON","Brecht Capon","BRECHTCAPON.jpg","BEL");
insert into persoonfunctie (persoonid,functieid) value ("BRECHTCAPON",(select id from functie where naam="Aanvaller"));

	insert into persoonploeg (persoonid,ploegid,jaartal) value ("BRECHTCAPON","KOR","2009");

insert into persoon (id,naam,foto,nationaliteit) value ("TRISTANLAHAYE","Tristan Lahaye","TRISTANLAHAYE.jpg","FRA");
insert into persoonfunctie (persoonid,functieid) value ("TRISTANLAHAYE",(select id from functie where naam="Verdediger"));

	insert into persoonploeg (persoonid,ploegid,jaartal) value ("TRISTANLAHAYE","KOR","2009");

insert into persoon (id,naam,foto,nationaliteit) value ("TOMVANDENBOSSCHE","Tom Vandenbossche","TOMVANDENBOSSCHE.jpg","BEL");
insert into persoonfunctie (persoonid,functieid) value ("TOMVANDENBOSSCHE",(select id from functie where naam="Doelman"));

	insert into persoonploeg (persoonid,ploegid,jaartal) value ("TOMVANDENBOSSCHE","KOR","2009");

insert into persoon (id,naam,foto,nationaliteit) value ("CHRISTIANBENTEKE","Christian Benteke","CHRISTIANBENTEKE.jpg","BEL");
insert into persoonfunctie (persoonid,functieid) value ("CHRISTIANBENTEKE",(select id from functie where naam="Aanvaller"));

	insert into persoonploeg (persoonid,ploegid,jaartal) value ("CHRISTIANBENTEKE","KOR","2009");

insert into persoon (id,naam,foto,nationaliteit) value ("ROBCLAEYS","Rob Claeys","ROBCLAEYS.jpg","BEL");
insert into persoonfunctie (persoonid,functieid) value ("ROBCLAEYS",(select id from functie where naam="Middenvelder"));

	insert into persoonploeg (persoonid,ploegid,jaartal) value ("ROBCLAEYS","KOR","2009");

insert into persoon (id,naam,foto,nationaliteit) value ("DANIELCALVO","Daniel Calvo","DANIELCALVO.jpg","BEL");
insert into persoonfunctie (persoonid,functieid) value ("DANIELCALVO",(select id from functie where naam="Middenvelder"));

	insert into persoonploeg (persoonid,ploegid,jaartal) value ("DANIELCALVO","KOR","2009");

insert into persoon (id,naam,foto,nationaliteit) value ("DAVYDEBEULE","Davy De Beule","DAVYDEBEULE.jpg","BEL");
insert into persoonfunctie (persoonid,functieid) value ("DAVYDEBEULE",(select id from functie where naam="Middenvelder"));

	insert into persoonploeg (persoonid,ploegid,jaartal) value ("DAVYDEBEULE","KOR","2009");

insert into persoon (id,naam,foto,nationaliteit) value ("SANHARIBMALKI","Sanharib Malki","SANHARIBMALKI.jpg","BEL");
insert into persoonfunctie (persoonid,functieid) value ("SANHARIBMALKI",(select id from functie where naam="Aanvaller"));

	insert into persoonploeg (persoonid,ploegid,jaartal) value ("SANHARIBMALKI","GBA","2009");

	insert into persoonploeg (persoonid,ploegid,jaartal) value ("SANHARIBMALKI","LOK","2009");

insert into persoon (id,naam,foto,nationaliteit) value ("LAURENTCIMAN","Laurent Ciman","LAURENTCIMAN.jpg","BEL");
insert into persoonfunctie (persoonid,functieid) value ("LAURENTCIMAN",(select id from functie where naam="Verdediger"));

	insert into persoonploeg (persoonid,ploegid,jaartal) value ("LAURENTCIMAN","KOR","2009");

insert into persoon (id,naam,foto,nationaliteit) value ("MOHAMEDMESSOUDI","Mohammed Messoudi","MOHAMEDMESSOUDI.jpg","BEL");
insert into persoonfunctie (persoonid,functieid) value ("MOHAMEDMESSOUDI",(select id from functie where naam="Middenvelder"));

	insert into persoonploeg (persoonid,ploegid,jaartal) value ("MOHAMEDMESSOUDI","KOR","2009");

insert into persoon (id,naam,foto,nationaliteit) value ("STEFANNIKOLIC","Stefan Nikolic","STEFANNIKOLIC.jpg","MON");
insert into persoonfunctie (persoonid,functieid) value ("STEFANNIKOLIC",(select id from functie where naam="Aanvaller"));

	insert into persoonploeg (persoonid,ploegid,jaartal) value ("STEFANNIKOLIC","ROE","2009");
